CRAN Package Check Results for Package altadata

Last updated on 2021-10-26 05:59:42 CEST.

Flavor Version Tinstall Tcheck Ttotal Status Flags
r-devel-linux-x86_64-debian-clang 0.1.1 2.31 19.79 22.10 NOTE
r-devel-linux-x86_64-debian-gcc 0.1.1 1.80 15.82 17.62 NOTE
r-devel-linux-x86_64-fedora-clang 0.1.1 38.11 NOTE
r-devel-linux-x86_64-fedora-gcc 0.1.1 27.14 NOTE
r-devel-windows-x86_64 0.1.1 5.00 35.00 40.00 NOTE
r-devel-windows-x86_64-gcc10-UCRT 0.1.1 NOTE
r-patched-linux-x86_64 0.1.1 2.39 19.55 21.94 NOTE
r-patched-solaris-x86 0.1.1 44.00 NOTE
r-release-linux-x86_64 0.1.1 1.89 19.51 21.40 NOTE
r-release-macos-arm64 0.1.1 NOTE
r-release-macos-x86_64 0.1.1 NOTE
r-release-windows-ix86+x86_64 0.1.1 4.00 38.00 42.00 NOTE
r-oldrel-macos-x86_64 0.1.1 OK
r-oldrel-windows-ix86+x86_64 0.1.1 6.00 39.00 45.00 OK

Check Details

Version: 0.1.1
Check: LazyData
Result: NOTE
     'LazyData' is specified without a 'data' directory
Flavors: r-devel-linux-x86_64-debian-clang, r-devel-linux-x86_64-debian-gcc, r-devel-linux-x86_64-fedora-clang, r-devel-linux-x86_64-fedora-gcc, r-devel-windows-x86_64, r-devel-windows-x86_64-gcc10-UCRT, r-patched-linux-x86_64, r-patched-solaris-x86, r-release-linux-x86_64, r-release-macos-arm64, r-release-macos-x86_64, r-release-windows-ix86+x86_64