CRAN Package Check Results for Package amap

Last updated on 2020-02-27 05:48:39 CET.

Flavor Version Tinstall Tcheck Ttotal Status Flags
r-devel-linux-x86_64-debian-clang 0.8-18 8.07 28.57 36.64 OK
r-devel-linux-x86_64-debian-gcc 0.8-18 6.62 23.23 29.85 OK
r-devel-linux-x86_64-fedora-clang 0.8-18 46.29 OK
r-devel-linux-x86_64-fedora-gcc 0.8-18 49.49 OK
r-devel-windows-ix86+x86_64 0.8-18 23.00 53.00 76.00 OK
r-devel-windows-ix86+x86_64-gcc8 0.8-18 25.00 54.00 79.00 OK
r-patched-linux-x86_64 0.8-18 7.32 27.27 34.59 OK
r-patched-solaris-x86 0.8-18 79.20 OK
r-release-linux-x86_64 0.8-18 7.27 27.02 34.29 OK
r-release-windows-ix86+x86_64 0.8-18 34.00 70.00 104.00 OK
r-release-osx-x86_64 0.8-18 OK
r-oldrel-windows-ix86+x86_64 0.8-16 22.00 52.00 74.00 OK
r-oldrel-osx-x86_64 0.8-18 ERROR

Check Details

Version: 0.8-18
Check: whether package can be installed
Result: ERROR
    Installation failed.
Flavor: r-oldrel-osx-x86_64