CRAN Package Check Results for Package amap

Last updated on 2019-09-19 05:47:12 CEST.

Flavor Version Tinstall Tcheck Ttotal Status Flags
r-devel-linux-x86_64-debian-clang 0.8-17 7.68 28.06 35.74 OK
r-devel-linux-x86_64-debian-gcc 0.8-17 6.96 22.73 29.69 OK
r-devel-linux-x86_64-fedora-clang 0.8-17 46.65 OK
r-devel-linux-x86_64-fedora-gcc 0.8-17 47.40 OK
r-devel-windows-ix86+x86_64 0.8-17 34.00 78.00 112.00 OK
r-patched-linux-x86_64 0.8-17 7.89 28.29 36.18 OK
r-patched-solaris-x86 0.8-17 79.20 OK
r-release-linux-x86_64 0.8-17 6.89 28.38 35.27 OK
r-release-windows-ix86+x86_64 0.8-17 32.00 75.00 107.00 OK
r-release-osx-x86_64 0.8-17 NOTE
r-oldrel-windows-ix86+x86_64 0.8-16 22.00 52.00 74.00 OK
r-oldrel-osx-x86_64 0.8-17 ERROR

Check Details

Version: 0.8-17
Check: package dependencies
Result: NOTE
    Package suggested but not available for checking: ‘Biobase’
Flavor: r-release-osx-x86_64

Version: 0.8-17
Check: whether package can be installed
Result: ERROR
    Installation failed.
Flavor: r-oldrel-osx-x86_64