CRAN Package Check Results for Package ambient

Last updated on 2021-10-24 05:54:58 CEST.

Flavor Version Tinstall Tcheck Ttotal Status Flags
r-devel-linux-x86_64-debian-clang 1.0.0 51.92 46.18 98.10 NOTE
r-devel-linux-x86_64-debian-gcc 1.0.0 36.87 37.69 74.56 NOTE
r-devel-linux-x86_64-fedora-clang 1.0.0 163.78 NOTE
r-devel-linux-x86_64-fedora-gcc 1.0.0 131.54 NOTE
r-devel-windows-x86_64 1.0.0 70.00 81.00 151.00 NOTE
r-devel-windows-x86_64-gcc10-UCRT 1.0.0 NOTE
r-patched-linux-x86_64 1.0.0 44.19 45.30 89.49 NOTE
r-patched-solaris-x86 1.0.0 151.90 NOTE
r-release-linux-x86_64 1.0.0 49.88 46.53 96.41 NOTE
r-release-macos-arm64 1.0.0 NOTE
r-release-macos-x86_64 1.0.0 NOTE
r-release-windows-ix86+x86_64 1.0.0 114.00 116.00 230.00 NOTE
r-oldrel-macos-x86_64 1.0.0 OK
r-oldrel-windows-ix86+x86_64 1.0.0 144.00 121.00 265.00 OK

Check Details

Version: 1.0.0
Check: LazyData
Result: NOTE
     'LazyData' is specified without a 'data' directory
Flavors: r-devel-linux-x86_64-debian-clang, r-devel-linux-x86_64-debian-gcc, r-devel-linux-x86_64-fedora-clang, r-devel-linux-x86_64-fedora-gcc, r-devel-windows-x86_64, r-devel-windows-x86_64-gcc10-UCRT, r-patched-linux-x86_64, r-patched-solaris-x86, r-release-linux-x86_64, r-release-macos-arm64, r-release-macos-x86_64, r-release-windows-ix86+x86_64