CRAN Package Check Results for Package ammistability

Last updated on 2019-08-24 05:46:52 CEST.

Flavor Version Tinstall Tcheck Ttotal Status Flags
r-devel-linux-x86_64-debian-clang 0.1.1 12.00 126.02 138.02 OK
r-devel-linux-x86_64-debian-gcc 0.1.1 9.84 98.76 108.60 OK
r-devel-linux-x86_64-fedora-clang 0.1.1 167.22 OK
r-devel-linux-x86_64-fedora-gcc 0.1.1 166.34 OK
r-devel-windows-ix86+x86_64 0.1.1 27.00 141.00 168.00 OK
r-patched-linux-x86_64 0.1.1 11.08 122.84 133.92 OK
r-patched-solaris-x86 0.1.1 222.50 WARN
r-release-linux-x86_64 0.1.1 11.04 123.39 134.43 OK
r-release-windows-ix86+x86_64 0.1.1 59.00 209.00 268.00 OK
r-release-osx-x86_64 0.1.1 WARN
r-oldrel-windows-ix86+x86_64 0.1.1 32.00 184.00 216.00 OK
r-oldrel-osx-x86_64 0.1.1 WARN

Check Details

Version: 0.1.1
Check: re-building of vignette outputs
Result: WARN
    Error(s) in re-building vignettes:
     ...
    --- re-building ‘Introduction.Rmd’ using rmarkdown_notangle
    Warning in engine$weave(file, quiet = quiet, encoding = enc) :
     Pandoc (>= 1.12.3) and/or pandoc-citeproc not available. Falling back to R Markdown v1.
    Quitting from lines 49-64 (Introduction.Rmd)
    Error: processing vignette 'Introduction.Rmd' failed with diagnostics:
    EXPR must be a length 1 vector
    --- failed re-building ‘Introduction.Rmd’
    
    SUMMARY: processing the following file failed:
     ‘Introduction.Rmd’
    
    Error: Vignette re-building failed.
    Execution halted
Flavors: r-patched-solaris-x86, r-release-osx-x86_64

Version: 0.1.1
Check: re-building of vignette outputs
Result: WARN
    Error in re-building vignettes:
     ...
    Warning in engine$weave(file, quiet = quiet, encoding = enc) :
     Pandoc (>= 1.12.3) and/or pandoc-citeproc not available. Falling back to R Markdown v1.
    Quitting from lines 49-64 (Introduction.Rmd)
    Error: processing vignette 'Introduction.Rmd' failed with diagnostics:
    EXPR must be a length 1 vector
    Execution halted
Flavor: r-oldrel-osx-x86_64