CRAN Package Check Results for Package ammistability

Last updated on 2021-10-26 05:59:42 CEST.

Flavor Version Tinstall Tcheck Ttotal Status Flags
r-devel-linux-x86_64-debian-clang 0.1.2 8.05 96.24 104.29 OK
r-devel-linux-x86_64-debian-gcc 0.1.2 6.35 71.98 78.33 OK
r-devel-linux-x86_64-fedora-clang 0.1.2 132.52 NOTE
r-devel-linux-x86_64-fedora-gcc 0.1.2 121.20 NOTE
r-devel-windows-x86_64 0.1.2 14.00 136.00 150.00 OK
r-devel-windows-x86_64-gcc10-UCRT 0.1.2 NOTE
r-patched-linux-x86_64 0.1.2 8.86 91.41 100.27 OK
r-patched-solaris-x86 0.1.2 151.30 NOTE
r-release-linux-x86_64 0.1.2 7.48 90.37 97.85 OK
r-release-macos-arm64 0.1.2 NOTE
r-release-macos-x86_64 0.1.2 NOTE
r-release-windows-ix86+x86_64 0.1.2 18.00 133.00 151.00 OK
r-oldrel-macos-x86_64 0.1.2 NOTE
r-oldrel-windows-ix86+x86_64 0.1.2 22.00 143.00 165.00 OK

Check Details

Version: 0.1.2
Check: dependencies in R code
Result: NOTE
    Namespace in Imports field not imported from: ‘mathjaxr’
     All declared Imports should be used.
Flavors: r-devel-linux-x86_64-fedora-clang, r-devel-linux-x86_64-fedora-gcc, r-devel-windows-x86_64-gcc10-UCRT, r-patched-solaris-x86, r-release-macos-arm64, r-release-macos-x86_64, r-oldrel-macos-x86_64