CRAN Package Check Results for Package ammistability

Last updated on 2020-01-19 05:47:00 CET.

Flavor Version Tinstall Tcheck Ttotal Status Flags
r-devel-linux-x86_64-debian-clang 0.1.1 13.52 141.53 155.05 OK
r-devel-linux-x86_64-debian-gcc 0.1.1 12.13 107.39 119.52 OK
r-devel-linux-x86_64-fedora-clang 0.1.1 186.76 OK
r-devel-linux-x86_64-fedora-gcc 0.1.1 178.04 OK
r-devel-windows-ix86+x86_64 0.1.1 61.00 216.00 277.00 OK
r-devel-windows-ix86+x86_64-gcc8 0.1.1 35.00 185.00 220.00 OK
r-patched-linux-x86_64 0.1.1 10.98 123.19 134.17 OK
r-patched-solaris-x86 0.1.1 236.20 WARN
r-release-linux-x86_64 0.1.1 11.23 124.24 135.47 OK
r-release-windows-ix86+x86_64 0.1.1 51.00 147.00 198.00 OK
r-release-osx-x86_64 0.1.1 WARN
r-oldrel-windows-ix86+x86_64 0.1.1 24.00 134.00 158.00 OK
r-oldrel-osx-x86_64 0.1.1 WARN

Check Details

Version: 0.1.1
Check: re-building of vignette outputs
Result: WARN
    Error(s) in re-building vignettes:
     ...
    --- re-building ‘Introduction.Rmd’ using rmarkdown_notangle
    Warning in engine$weave(file, quiet = quiet, encoding = enc) :
     Pandoc (>= 1.12.3) and/or pandoc-citeproc not available. Falling back to R Markdown v1.
    Quitting from lines 49-64 (Introduction.Rmd)
    Error: processing vignette 'Introduction.Rmd' failed with diagnostics:
    EXPR must be a length 1 vector
    --- failed re-building ‘Introduction.Rmd’
    
    SUMMARY: processing the following file failed:
     ‘Introduction.Rmd’
    
    Error: Vignette re-building failed.
    Execution halted
Flavors: r-patched-solaris-x86, r-release-osx-x86_64

Version: 0.1.1
Check: re-building of vignette outputs
Result: WARN
    Error in re-building vignettes:
     ...
    Warning in engine$weave(file, quiet = quiet, encoding = enc) :
     Pandoc (>= 1.12.3) and/or pandoc-citeproc not available. Falling back to R Markdown v1.
    Quitting from lines 49-64 (Introduction.Rmd)
    Error: processing vignette 'Introduction.Rmd' failed with diagnostics:
    EXPR must be a length 1 vector
    Execution halted
Flavor: r-oldrel-osx-x86_64