CRAN Package Check Results for Package analogueExtra

Last updated on 2021-10-24 05:54:58 CEST.

Flavor Version Tinstall Tcheck Ttotal Status Flags
r-devel-linux-x86_64-debian-clang 0.1-1 8.29 71.84 80.13 OK
r-devel-linux-x86_64-debian-gcc 0.1-1 6.93 56.95 63.88 OK
r-devel-linux-x86_64-fedora-clang 0.1-1 107.77 NOTE
r-devel-linux-x86_64-fedora-gcc 0.1-1 96.51 OK
r-devel-windows-x86_64 0.1-1 14.00 96.00 110.00 OK
r-devel-windows-x86_64-gcc10-UCRT 0.1-1 OK
r-patched-linux-x86_64 0.1-1 11.72 70.79 82.51 OK
r-patched-solaris-x86 0.1-1 145.10 OK
r-release-linux-x86_64 0.1-1 8.82 70.92 79.74 OK
r-release-macos-arm64 0.1-1 OK
r-release-macos-x86_64 0.1-1 OK
r-release-windows-ix86+x86_64 0.1-1 15.00 94.00 109.00 OK
r-oldrel-macos-x86_64 0.1-1 OK
r-oldrel-windows-ix86+x86_64 0.1-1 23.00 100.00 123.00 OK

Check Details

Version: 0.1-1
Check: Rd cross-references
Result: NOTE
    Undeclared package ‘vegan’ in Rd xrefs
Flavor: r-devel-linux-x86_64-fedora-clang