CRAN Package Check Results for Package analysisPipelines

Last updated on 2019-06-24 05:57:51 CEST.

Flavor Version Tinstall Tcheck Ttotal Status Flags
r-devel-linux-x86_64-debian-clang 1.0.0 8.80 81.50 90.30 OK
r-devel-linux-x86_64-debian-gcc 1.0.0 8.14 64.55 72.69 OK
r-devel-linux-x86_64-fedora-clang 1.0.0 110.14 NOTE
r-devel-linux-x86_64-fedora-gcc 1.0.0 106.25 NOTE
r-devel-windows-ix86+x86_64 1.0.0 30.00 131.00 161.00 OK
r-patched-linux-x86_64 1.0.0 10.10 81.41 91.51 OK
r-patched-solaris-x86 1.0.0 143.90 NOTE
r-release-linux-x86_64 1.0.0 10.51 82.41 92.92 OK
r-release-windows-ix86+x86_64 1.0.0 18.00 103.00 121.00 OK
r-release-osx-x86_64 1.0.0 NOTE
r-oldrel-windows-ix86+x86_64 1.0.0 34.00 80.00 114.00 OK
r-oldrel-osx-x86_64 1.0.0 NOTE

Check Details

Version: 1.0.0
Check: dependencies in R code
Result: NOTE
    Namespace in Imports field not imported from: ‘devtools’
     All declared Imports should be used.
Flavors: r-devel-linux-x86_64-fedora-clang, r-devel-linux-x86_64-fedora-gcc, r-patched-solaris-x86, r-release-osx-x86_64, r-oldrel-osx-x86_64