CRAN Package Check Results for Package andrews

Last updated on 2021-10-24 05:54:58 CEST.

Flavor Version Tinstall Tcheck Ttotal Status Flags
r-devel-linux-x86_64-debian-clang 1.0 2.37 21.26 23.63 NOTE
r-devel-linux-x86_64-debian-gcc 1.0 1.62 16.76 18.38 NOTE
r-devel-linux-x86_64-fedora-clang 1.0 39.38 NOTE
r-devel-linux-x86_64-fedora-gcc 1.0 28.94 NOTE
r-devel-windows-x86_64 1.0 4.00 35.00 39.00 NOTE
r-devel-windows-x86_64-gcc10-UCRT 1.0 NOTE
r-patched-linux-x86_64 1.0 1.86 21.05 22.91 NOTE
r-patched-solaris-x86 1.0 45.60 NOTE
r-release-linux-x86_64 1.0 1.77 21.39 23.16 NOTE
r-release-macos-arm64 1.0 NOTE
r-release-macos-x86_64 1.0 NOTE
r-release-windows-ix86+x86_64 1.0 4.00 36.00 40.00 NOTE
r-oldrel-macos-x86_64 1.0 NOTE
r-oldrel-windows-ix86+x86_64 1.0 4.00 32.00 36.00 NOTE

Check Details

Version: 1.0
Check: DESCRIPTION meta-information
Result: NOTE
    Malformed Description field: should contain one or more complete sentences.
Flavors: r-devel-linux-x86_64-debian-clang, r-devel-linux-x86_64-debian-gcc, r-devel-linux-x86_64-fedora-clang, r-devel-linux-x86_64-fedora-gcc, r-devel-windows-x86_64, r-devel-windows-x86_64-gcc10-UCRT, r-patched-linux-x86_64, r-patched-solaris-x86, r-release-linux-x86_64, r-release-macos-arm64, r-release-macos-x86_64, r-release-windows-ix86+x86_64, r-oldrel-macos-x86_64, r-oldrel-windows-ix86+x86_64

Version: 1.0
Check: R code for possible problems
Result: NOTE
    andrews: no visible global function definition for 'plot.new'
    andrews: no visible global function definition for 'plot.window'
    andrews: no visible global function definition for 'title'
    andrews: no visible global function definition for 'axis'
    andrews: no visible global function definition for 'box'
    andrews: no visible global function definition for 'lines'
    andrews: no visible global function definition for 'rainbow'
    andrews: no visible global function definition for 'hsv'
    selectand: no visible global function definition for 'lines'
    Undefined global functions or variables:
     axis box hsv lines plot.new plot.window rainbow title
    Consider adding
     importFrom("grDevices", "hsv", "rainbow")
     importFrom("graphics", "axis", "box", "lines", "plot.new",
     "plot.window", "title")
    to your NAMESPACE file.
Flavors: r-devel-linux-x86_64-debian-clang, r-devel-linux-x86_64-debian-gcc, r-devel-linux-x86_64-fedora-clang, r-devel-linux-x86_64-fedora-gcc, r-devel-windows-x86_64, r-devel-windows-x86_64-gcc10-UCRT, r-patched-linux-x86_64, r-patched-solaris-x86, r-release-linux-x86_64, r-release-macos-arm64, r-release-macos-x86_64, r-release-windows-ix86+x86_64, r-oldrel-macos-x86_64, r-oldrel-windows-ix86+x86_64