CRAN Package Check Results for Package anomaly

Last updated on 2021-10-16 05:51:14 CEST.

Flavor Version Tinstall Tcheck Ttotal Status Flags
r-devel-linux-x86_64-debian-clang 4.0.1 59.90 108.23 168.13 OK
r-devel-linux-x86_64-debian-gcc 4.0.1 42.00 78.86 120.86 OK
r-devel-linux-x86_64-fedora-clang 4.0.1 277.37 NOTE
r-devel-linux-x86_64-fedora-gcc 4.0.1 213.87 OK
r-devel-windows-x86_64 4.0.1 95.00 118.00 213.00 NOTE
r-devel-windows-x86_64-gcc10-UCRT 4.0.1 OK
r-patched-linux-x86_64 4.0.1 53.17 102.15 155.32 OK
r-patched-solaris-x86 4.0.1 246.20 NOTE
r-release-linux-x86_64 4.0.1 51.23 102.36 153.59 OK
r-release-macos-arm64 4.0.1 NOTE
r-release-macos-x86_64 4.0.1 NOTE
r-release-windows-ix86+x86_64 4.0.1 176.00 228.00 404.00 NOTE
r-oldrel-macos-x86_64 4.0.1 NOTE
r-oldrel-windows-ix86+x86_64 4.0.1 177.00 227.00 404.00 NOTE

Check Details

Version: 4.0.1
Check: installed package size
Result: NOTE
     installed size is 6.9Mb
     sub-directories of 1Mb or more:
     data 4.1Mb
     libs 2.3Mb
Flavors: r-devel-linux-x86_64-fedora-clang, r-devel-windows-x86_64, r-patched-solaris-x86, r-release-macos-arm64, r-release-macos-x86_64, r-release-windows-ix86+x86_64, r-oldrel-macos-x86_64, r-oldrel-windows-ix86+x86_64