CRAN Package Check Results for Package antaresRead

Last updated on 2019-09-21 05:47:48 CEST.

Flavor Version Tinstall Tcheck Ttotal Status Flags
r-devel-linux-x86_64-debian-clang 2.2.4 9.15 379.33 388.48 OK
r-devel-linux-x86_64-debian-gcc 2.2.4 6.81 521.37 528.18 OK
r-devel-linux-x86_64-fedora-clang 2.2.4 305.76 NOTE
r-devel-linux-x86_64-fedora-gcc 2.2.4 277.25 OK
r-devel-windows-ix86+x86_64 2.2.4 23.00 242.00 265.00 NOTE
r-patched-linux-x86_64 2.2.4 7.05 352.42 359.47 OK
r-patched-solaris-x86 2.2.4 289.50 WARN
r-release-linux-x86_64 2.2.4 7.06 337.49 344.55 OK
r-release-windows-ix86+x86_64 2.2.4 12.00 236.00 248.00 NOTE
r-release-osx-x86_64 2.2.4 WARN
r-oldrel-windows-ix86+x86_64 2.2.4 11.00 247.00 258.00 NOTE
r-oldrel-osx-x86_64 2.2.4 WARN

Check Details

Version: 2.2.4
Check: installed package size
Result: NOTE
     installed size is 5.8Mb
     sub-directories of 1Mb or more:
     testdata 5.0Mb
Flavors: r-devel-linux-x86_64-fedora-clang, r-devel-windows-ix86+x86_64, r-patched-solaris-x86, r-release-windows-ix86+x86_64, r-release-osx-x86_64, r-oldrel-windows-ix86+x86_64, r-oldrel-osx-x86_64

Version: 2.2.4
Check: re-building of vignette outputs
Result: WARN
    Error(s) in re-building vignettes:
     ...
    --- re-building ‘antares.Rmd’ using rmarkdown
    Warning in engine$weave(file, quiet = quiet, encoding = enc) :
     Pandoc (>= 1.12.3) and/or pandoc-citeproc not available. Falling back to R Markdown v1.
    --- finished re-building ‘antares.Rmd’
    
    --- re-building ‘antaresH5.Rmd’ using rmarkdown
    Warning in engine$weave(file, quiet = quiet, encoding = enc) :
     Pandoc (>= 1.12.3) and/or pandoc-citeproc not available. Falling back to R Markdown v1.
    Quitting from lines 38-72 (antaresH5.Rmd)
    Error: processing vignette 'antaresH5.Rmd' failed with diagnostics:
    there is no package called 'webshot'
    --- failed re-building ‘antaresH5.Rmd’
    
    SUMMARY: processing the following file failed:
     ‘antaresH5.Rmd’
    
    Error: Vignette re-building failed.
    Execution halted
Flavor: r-patched-solaris-x86

Version: 2.2.4
Check: package dependencies
Result: NOTE
    Package suggested but not available for checking: ‘rhdf5’
Flavor: r-release-osx-x86_64

Version: 2.2.4
Check: re-building of vignette outputs
Result: WARN
    Error(s) in re-building vignettes:
     ...
    --- re-building ‘antares.Rmd’ using rmarkdown
    Warning in engine$weave(file, quiet = quiet, encoding = enc) :
     Pandoc (>= 1.12.3) and/or pandoc-citeproc not available. Falling back to R Markdown v1.
    --- finished re-building ‘antares.Rmd’
    
    --- re-building ‘antaresH5.Rmd’ using rmarkdown
    Warning in engine$weave(file, quiet = quiet, encoding = enc) :
     Pandoc (>= 1.12.3) and/or pandoc-citeproc not available. Falling back to R Markdown v1.
    Quitting from lines 38-72 (antaresH5.Rmd)
    Error: processing vignette 'antaresH5.Rmd' failed with diagnostics:
    cannot open the connection
    --- failed re-building ‘antaresH5.Rmd’
    
    SUMMARY: processing the following file failed:
     ‘antaresH5.Rmd’
    
    Error: Vignette re-building failed.
    Execution halted
Flavor: r-release-osx-x86_64

Version: 2.2.4
Check: re-building of vignette outputs
Result: WARN
    Error in re-building vignettes:
     ...
    Warning in engine$weave(file, quiet = quiet, encoding = enc) :
     Pandoc (>= 1.12.3) and/or pandoc-citeproc not available. Falling back to R Markdown v1.
    Warning in engine$weave(file, quiet = quiet, encoding = enc) :
     Pandoc (>= 1.12.3) and/or pandoc-citeproc not available. Falling back to R Markdown v1.
    Quitting from lines 38-72 (antaresH5.Rmd)
    Error: processing vignette 'antaresH5.Rmd' failed with diagnostics:
    cannot open the connection
    Execution halted
Flavor: r-oldrel-osx-x86_64