CRAN Package Check Results for Package antaresRead

Last updated on 2021-10-16 05:51:14 CEST.

Flavor Version Tinstall Tcheck Ttotal Status Flags
r-devel-linux-x86_64-debian-clang 2.2.8 10.88 186.90 197.78 OK
r-devel-linux-x86_64-debian-gcc 2.2.8 9.25 133.55 142.80 OK
r-devel-linux-x86_64-fedora-clang 2.2.8 230.64 NOTE
r-devel-linux-x86_64-fedora-gcc 2.2.8 203.41 OK
r-devel-windows-x86_64 2.2.8 15.00 151.00 166.00 OK
r-devel-windows-x86_64-gcc10-UCRT 2.2.8 OK
r-patched-linux-x86_64 2.2.8 12.18 161.96 174.14 OK
r-patched-solaris-x86 2.2.8 258.80 NOTE
r-release-linux-x86_64 2.2.8 11.89 161.29 173.18 OK
r-release-macos-arm64 2.2.8 NOTE
r-release-macos-x86_64 2.2.8 NOTE
r-release-windows-ix86+x86_64 2.2.8 21.00 208.00 229.00 OK
r-oldrel-macos-x86_64 2.2.8 NOTE
r-oldrel-windows-ix86+x86_64 2.2.8 23.00 210.00 233.00 OK

Check Details

Version: 2.2.8
Check: installed package size
Result: NOTE
     installed size is 5.0Mb
     sub-directories of 1Mb or more:
     test_v8 2.0Mb
     testdata 2.3Mb
Flavors: r-devel-linux-x86_64-fedora-clang, r-patched-solaris-x86, r-release-macos-arm64, r-release-macos-x86_64, r-oldrel-macos-x86_64