CRAN Package Check Results for Package apisensr

Last updated on 2021-12-06 05:53:02 CET.

Flavor Version Tinstall Tcheck Ttotal Status Flags
r-devel-linux-x86_64-debian-clang 0.3.0 12.79 117.07 129.86 NOTE
r-devel-linux-x86_64-debian-gcc 0.3.0 9.32 88.99 98.31 NOTE
r-devel-linux-x86_64-fedora-clang 0.3.0 157.55 NOTE
r-devel-linux-x86_64-fedora-gcc 0.3.0 156.55 NOTE
r-devel-windows-x86_64-new-UL 0.3.0 24.00 155.00 179.00 NOTE
r-devel-windows-x86_64-new-TK 0.3.0 NOTE
r-devel-windows-x86_64-old 0.3.0 21.00 107.00 128.00 NOTE
r-patched-linux-x86_64 0.3.0 11.94 103.19 115.13 NOTE
r-release-linux-x86_64 0.3.0 13.13 110.80 123.93 NOTE
r-release-macos-arm64 0.3.0 NOTE
r-release-macos-x86_64 0.3.0 NOTE
r-release-windows-ix86+x86_64 0.3.0 37.00 142.00 179.00 NOTE
r-oldrel-macos-x86_64 0.3.0 OK
r-oldrel-windows-ix86+x86_64 0.3.0 34.00 140.00 174.00 OK

Check Details

Version: 0.3.0
Check: LazyData
Result: NOTE
     'LazyData' is specified without a 'data' directory
Flavors: r-devel-linux-x86_64-debian-clang, r-devel-linux-x86_64-debian-gcc, r-devel-linux-x86_64-fedora-clang, r-devel-linux-x86_64-fedora-gcc, r-devel-windows-x86_64-new-UL, r-devel-windows-x86_64-new-TK, r-devel-windows-x86_64-old, r-patched-linux-x86_64, r-release-linux-x86_64, r-release-macos-arm64, r-release-macos-x86_64, r-release-windows-ix86+x86_64