CRAN Package Check Results for Package aplpack

Last updated on 2021-10-19 05:50:53 CEST.

Flavor Version Tinstall Tcheck Ttotal Status Flags
r-devel-linux-x86_64-debian-clang 1.3.5 27.49 138.99 166.48 OK
r-devel-linux-x86_64-debian-gcc 1.3.5 20.21 98.97 119.18 OK
r-devel-linux-x86_64-fedora-clang 1.3.5 217.34 OK
r-devel-linux-x86_64-fedora-gcc 1.3.5 206.07 OK
r-devel-windows-x86_64 1.3.5 31.00 120.00 151.00 OK
r-devel-windows-x86_64-gcc10-UCRT 1.3.5 OK
r-patched-linux-x86_64 1.3.5 26.34 134.16 160.50 OK
r-patched-solaris-x86 1.3.5 256.30 NOTE
r-release-linux-x86_64 1.3.5 26.63 134.08 160.71 OK
r-release-macos-arm64 1.3.5 OK
r-release-macos-x86_64 1.3.5 OK
r-release-windows-ix86+x86_64 1.3.5 30.00 124.00 154.00 OK
r-oldrel-macos-x86_64 1.3.5 OK
r-oldrel-windows-ix86+x86_64 1.3.5 29.00 123.00 152.00 OK

Check Details

Version: 1.3.5
Check: installed package size
Result: NOTE
     installed size is 5.1Mb
     sub-directories of 1Mb or more:
     doc 3.3Mb
Flavor: r-patched-solaris-x86