CRAN Package Check Results for Package apollo

Last updated on 2021-10-22 05:59:38 CEST.

Flavor Version Tinstall Tcheck Ttotal Status Flags
r-devel-linux-x86_64-debian-clang 0.2.5 66.02 200.56 266.58 NOTE
r-devel-linux-x86_64-debian-gcc 0.2.5 54.90 148.74 203.64 NOTE
r-devel-linux-x86_64-fedora-clang 0.2.5 347.65 OK
r-devel-linux-x86_64-fedora-gcc 0.2.5 327.62 OK
r-devel-windows-x86_64 0.2.5 101.00 232.00 333.00 OK
r-devel-windows-x86_64-gcc10-UCRT 0.2.5 OK
r-patched-linux-x86_64 0.2.5 65.64 183.27 248.91 NOTE
r-patched-solaris-x86 0.2.5 353.30 OK
r-release-linux-x86_64 0.2.5 60.41 184.28 244.69 NOTE
r-release-macos-arm64 0.2.5 OK
r-release-macos-x86_64 0.2.5 OK
r-release-windows-ix86+x86_64 0.2.5 112.00 249.00 361.00 OK
r-oldrel-macos-x86_64 0.2.5 OK
r-oldrel-windows-ix86+x86_64 0.2.5 159.00 250.00 409.00 OK

Check Details

Version: 0.2.5
Check: R code for possible problems
Result: NOTE
    Found the following calls to attach():
    File 'apollo/R/apollo_attach.R':
     attach(as.list(apollo_beta), warn.conflicts = FALSE)
     attach(database, warn.conflicts = FALSE)
     attach(draws, warn.conflicts = FALSE)
     attach(randcoeff, warn.conflicts = FALSE)
     attach(lcpars, warn.conflicts = FALSE)
    See section 'Good practice' in '?attach'.
Flavors: r-devel-linux-x86_64-debian-clang, r-devel-linux-x86_64-debian-gcc, r-patched-linux-x86_64, r-release-linux-x86_64