CRAN Package Check Results for Package apricom

Last updated on 2021-10-23 06:13:02 CEST.

Flavor Version Tinstall Tcheck Ttotal Status Flags
r-devel-linux-x86_64-debian-clang 1.0.0 15.47 127.97 143.44 NOTE
r-devel-linux-x86_64-debian-gcc 1.0.0 12.03 95.81 107.84 NOTE
r-devel-linux-x86_64-fedora-clang 1.0.0 182.35 NOTE
r-devel-linux-x86_64-fedora-gcc 1.0.0 167.05 NOTE
r-devel-windows-x86_64 1.0.0 23.00 156.00 179.00 NOTE
r-devel-windows-x86_64-gcc10-UCRT 1.0.0 NOTE
r-patched-linux-x86_64 1.0.0 14.00 120.05 134.05 NOTE
r-patched-solaris-x86 1.0.0 239.80 NOTE
r-release-linux-x86_64 1.0.0 14.51 120.74 135.25 NOTE
r-release-macos-arm64 1.0.0 NOTE
r-release-macos-x86_64 1.0.0 NOTE
r-release-windows-ix86+x86_64 1.0.0 27.00 166.00 193.00 NOTE
r-oldrel-macos-x86_64 1.0.0 OK
r-oldrel-windows-ix86+x86_64 1.0.0 36.00 166.00 202.00 OK

Check Details

Version: 1.0.0
Check: LazyData
Result: NOTE
     'LazyData' is specified without a 'data' directory
Flavors: r-devel-linux-x86_64-debian-clang, r-devel-linux-x86_64-debian-gcc, r-devel-linux-x86_64-fedora-clang, r-devel-linux-x86_64-fedora-gcc, r-devel-windows-x86_64, r-devel-windows-x86_64-gcc10-UCRT, r-patched-linux-x86_64, r-patched-solaris-x86, r-release-linux-x86_64, r-release-macos-arm64, r-release-macos-x86_64, r-release-windows-ix86+x86_64