CRAN Package Check Results for Package aptg

Last updated on 2021-09-28 05:48:34 CEST.

Flavor Version Tinstall Tcheck Ttotal Status Flags
r-devel-linux-x86_64-debian-clang 0.1.1 10.61 91.69 102.30 NOTE --no-vignettes
r-devel-linux-x86_64-debian-gcc 0.1.1 8.70 71.23 79.93 NOTE --no-vignettes
r-devel-linux-x86_64-fedora-clang 0.1.1 1929.97 WARN
r-devel-linux-x86_64-fedora-gcc 0.1.1 1916.07 WARN
r-devel-windows-x86_64 0.1.1 11.00 82.00 93.00 NOTE --no-vignettes
r-devel-windows-x86_64-gcc10-UCRT 0.1.1 NOTE --no-vignettes
r-patched-linux-x86_64 0.1.1 10.33 87.07 97.40 NOTE --no-vignettes
r-patched-solaris-x86 0.1.1 190.40 NOTE
r-release-linux-x86_64 0.1.1 9.01 86.49 95.50 NOTE --no-vignettes
r-release-macos-arm64 0.1.1 NOTE
r-release-macos-x86_64 0.1.1 NOTE
r-release-windows-ix86+x86_64 0.1.1 28.00 80.00 108.00 NOTE --no-vignettes
r-oldrel-macos-x86_64 0.1.1 OK
r-oldrel-windows-ix86+x86_64 0.1.1 17.00 83.00 100.00 OK --no-vignettes

Additional issues

M1mac

Check Details

Version: 0.1.1
Flags: --no-vignettes
Check: LazyData
Result: NOTE
     'LazyData' is specified without a 'data' directory
Flavors: r-devel-linux-x86_64-debian-clang, r-devel-linux-x86_64-debian-gcc, r-devel-windows-x86_64, r-devel-windows-x86_64-gcc10-UCRT, r-patched-linux-x86_64, r-release-linux-x86_64, r-release-windows-ix86+x86_64

Version: 0.1.1
Check: LazyData
Result: NOTE
     'LazyData' is specified without a 'data' directory
Flavors: r-devel-linux-x86_64-fedora-clang, r-devel-linux-x86_64-fedora-gcc, r-patched-solaris-x86, r-release-macos-arm64, r-release-macos-x86_64

Version: 0.1.1
Check: re-building of vignette outputs
Result: WARN
    Error(s) in re-building vignettes:
    --- re-building ‘aptg.Rmd’ using rmarkdown
    No ENTREZ API key provided
     Get one via taxize::use_entrez()
    See https://ncbiinsights.ncbi.nlm.nih.gov/2017/11/02/new-api-keys-for-the-e-utilities/
    
    Retrieving data for taxon 'Canis lupus'
    
    No ENTREZ API key provided
     Get one via taxize::use_entrez()
    See https://ncbiinsights.ncbi.nlm.nih.gov/2017/11/02/new-api-keys-for-the-e-utilities/
    No ENTREZ API key provided
     Get one via taxize::use_entrez()
    See https://ncbiinsights.ncbi.nlm.nih.gov/2017/11/02/new-api-keys-for-the-e-utilities/
    
    Retrieving data for taxon 'Canis latrans'
    
    No ENTREZ API key provided
     Get one via taxize::use_entrez()
    See https://ncbiinsights.ncbi.nlm.nih.gov/2017/11/02/new-api-keys-for-the-e-utilities/
    No ENTREZ API key provided
     Get one via taxize::use_entrez()
    See https://ncbiinsights.ncbi.nlm.nih.gov/2017/11/02/new-api-keys-for-the-e-utilities/
    
    Retrieving data for taxon 'Acer saccharum'
    
    No ENTREZ API key provided
     Get one via taxize::use_entrez()
    See https://ncbiinsights.ncbi.nlm.nih.gov/2017/11/02/new-api-keys-for-the-e-utilities/
    No ENTREZ API key provided
     Get one via taxize::use_entrez()
    See https://ncbiinsights.ncbi.nlm.nih.gov/2017/11/02/new-api-keys-for-the-e-utilities/
    
    Retrieving data for taxon 'Castor canadensis'
    
    No ENTREZ API key provided
     Get one via taxize::use_entrez()
    See https://ncbiinsights.ncbi.nlm.nih.gov/2017/11/02/new-api-keys-for-the-e-utilities/
    No ENTREZ API key provided
     Get one via taxize::use_entrez()
    See https://ncbiinsights.ncbi.nlm.nih.gov/2017/11/02/new-api-keys-for-the-e-utilities/
    
    Retrieving data for taxon 'Alces alces'
    
    No ENTREZ API key provided
     Get one via taxize::use_entrez()
    See https://ncbiinsights.ncbi.nlm.nih.gov/2017/11/02/new-api-keys-for-the-e-utilities/
    No ENTREZ API key provided
     Get one via taxize::use_entrez()
    See https://ncbiinsights.ncbi.nlm.nih.gov/2017/11/02/new-api-keys-for-the-e-utilities/
    
    Retrieving data for taxon 'Acer rubrum'
    
    No ENTREZ API key provided
     Get one via taxize::use_entrez()
    See https://ncbiinsights.ncbi.nlm.nih.gov/2017/11/02/new-api-keys-for-the-e-utilities/
    No ENTREZ API key provided
     Get one via taxize::use_entrez()
    See https://ncbiinsights.ncbi.nlm.nih.gov/2017/11/02/new-api-keys-for-the-e-utilities/
    
    Retrieving data for taxon 'Vulpes vulpes'
    
    No ENTREZ API key provided
     Get one via taxize::use_entrez()
    See https://ncbiinsights.ncbi.nlm.nih.gov/2017/11/02/new-api-keys-for-the-e-utilities/
    No ENTREZ API key provided
     Get one via taxize::use_entrez()
    See https://ncbiinsights.ncbi.nlm.nih.gov/2017/11/02/new-api-keys-for-the-e-utilities/
    
    Retrieving data for taxon 'Salix babylonica'
    
    No ENTREZ API key provided
     Get one via taxize::use_entrez()
    See https://ncbiinsights.ncbi.nlm.nih.gov/2017/11/02/new-api-keys-for-the-e-utilities/
    No ENTREZ API key provided
     Get one via taxize::use_entrez()
    See https://ncbiinsights.ncbi.nlm.nih.gov/2017/11/02/new-api-keys-for-the-e-utilities/
    
    Retrieving data for taxon 'Odocoileus virginianus'
    
    No ENTREZ API key provided
     Get one via taxize::use_entrez()
    See https://ncbiinsights.ncbi.nlm.nih.gov/2017/11/02/new-api-keys-for-the-e-utilities/
    No ENTREZ API key provided
     Get one via taxize::use_entrez()
    See https://ncbiinsights.ncbi.nlm.nih.gov/2017/11/02/new-api-keys-for-the-e-utilities/
    
    Retrieving data for taxon 'Betula alleghaniensis'
    
    No ENTREZ API key provided
     Get one via taxize::use_entrez()
    See https://ncbiinsights.ncbi.nlm.nih.gov/2017/11/02/new-api-keys-for-the-e-utilities/
    No ENTREZ API key provided
     Get one via taxize::use_entrez()
    See https://ncbiinsights.ncbi.nlm.nih.gov/2017/11/02/new-api-keys-for-the-e-utilities/
    
    Retrieving data for taxon 'Rangifer tarandus'
    
    No ENTREZ API key provided
     Get one via taxize::use_entrez()
    See https://ncbiinsights.ncbi.nlm.nih.gov/2017/11/02/new-api-keys-for-the-e-utilities/
    No ENTREZ API key provided
     Get one via taxize::use_entrez()
    See https://ncbiinsights.ncbi.nlm.nih.gov/2017/11/02/new-api-keys-for-the-e-utilities/
    
    Retrieving data for taxon 'Juniperus occidentalis'
    
    No ENTREZ API key provided
     Get one via taxize::use_entrez()
    See https://ncbiinsights.ncbi.nlm.nih.gov/2017/11/02/new-api-keys-for-the-e-utilities/
Flavors: r-devel-linux-x86_64-fedora-clang, r-devel-linux-x86_64-fedora-gcc