CRAN Package Check Results for Package arabicStemR

Last updated on 2022-01-20 05:50:15 CET.

Flavor Version Tinstall Tcheck Ttotal Status Flags
r-devel-linux-x86_64-debian-clang 1.2 OK
r-devel-linux-x86_64-debian-gcc 1.2 2.33 29.69 32.02 OK
r-devel-linux-x86_64-fedora-clang 1.2 51.54 NOTE
r-devel-linux-x86_64-fedora-gcc 1.2 40.18 NOTE
r-devel-windows-x86_64-new-UL 1.2 56.00 58.00 114.00 OK
r-devel-windows-x86_64-new-TK 1.2 NOTE
r-patched-linux-x86_64 1.2 2.91 38.28 41.19 OK
r-release-linux-x86_64 1.2 OK
r-release-macos-arm64 1.2 NOTE
r-release-macos-x86_64 1.2 NOTE
r-release-windows-ix86+x86_64 1.2 6.00 51.00 57.00 OK
r-oldrel-macos-x86_64 1.2 NOTE
r-oldrel-windows-ix86+x86_64 1.2 4.00 50.00 54.00 OK

Check Details

Version: 1.2
Check: data for non-ASCII characters
Result: NOTE
     Note: found 1 marked UTF-8 string
Flavors: r-devel-linux-x86_64-fedora-clang, r-devel-linux-x86_64-fedora-gcc, r-devel-windows-x86_64-new-TK, r-release-macos-arm64, r-release-macos-x86_64, r-oldrel-macos-x86_64