CRAN Package Check Results for Package areabiplot

Last updated on 2023-02-08 05:59:54 CET.

Flavor Version Tinstall Tcheck Ttotal Status Flags
r-devel-linux-x86_64-debian-clang 1.0.0 2.19 25.34 27.53 NOTE
r-devel-linux-x86_64-debian-gcc 1.0.0 1.23 19.44 20.67 NOTE
r-devel-linux-x86_64-fedora-clang 1.0.0 34.23 NOTE
r-devel-linux-x86_64-fedora-gcc 1.0.0 32.92 NOTE
r-devel-windows-x86_64 1.0.0 11.00 57.00 68.00 NOTE
r-patched-linux-x86_64 1.0.0 1.57 23.49 25.06 NOTE
r-release-linux-x86_64 1.0.0 1.38 23.47 24.85 NOTE
r-release-macos-arm64 1.0.0 20.00 NOTE
r-release-macos-x86_64 1.0.0 22.00 NOTE
r-release-windows-x86_64 1.0.0 6.00 60.00 66.00 NOTE
r-oldrel-macos-arm64 1.0.0 29.00 NOTE
r-oldrel-macos-x86_64 1.0.0 27.00 NOTE
r-oldrel-windows-ix86+x86_64 1.0.0 6.00 48.00 54.00 NOTE

Check Details

Version: 1.0.0
Check: LazyData
Result: NOTE
     'LazyData' is specified without a 'data' directory
Flavors: r-devel-linux-x86_64-debian-clang, r-devel-linux-x86_64-debian-gcc, r-devel-linux-x86_64-fedora-clang, r-devel-linux-x86_64-fedora-gcc, r-devel-windows-x86_64, r-patched-linux-x86_64, r-release-linux-x86_64, r-release-macos-arm64, r-release-macos-x86_64, r-release-windows-x86_64, r-oldrel-macos-arm64, r-oldrel-macos-x86_64, r-oldrel-windows-ix86+x86_64