CRAN Package Check Results for Package areal

Last updated on 2020-07-15 05:47:51 CEST.

Flavor Version Tinstall Tcheck Ttotal Status Flags
r-devel-linux-x86_64-debian-clang 0.1.6 7.14 104.73 111.87 OK
r-devel-linux-x86_64-debian-gcc 0.1.6 5.96 79.29 85.25 OK
r-devel-linux-x86_64-fedora-clang 0.1.6 148.98 ERROR
r-devel-linux-x86_64-fedora-gcc 0.1.6 158.23 ERROR
r-devel-windows-ix86+x86_64 0.1.6 26.00 153.00 179.00 OK
r-patched-linux-x86_64 0.1.6 7.34 100.87 108.21 OK
r-patched-solaris-x86 0.1.6 198.30 ERROR
r-release-linux-x86_64 0.1.6 7.52 101.07 108.59 OK
r-release-macos-x86_64 0.1.6 ERROR
r-release-windows-ix86+x86_64 0.1.6 23.00 151.00 174.00 OK
r-oldrel-macos-x86_64 0.1.6 OK
r-oldrel-windows-ix86+x86_64 0.1.6 19.00 161.00 180.00 OK

Check Details

Version: 0.1.6
Check: tests
Result: ERROR
     Running ‘testthat.R’ [26s/94s]
    Running the tests in ‘tests/testthat.R’ failed.
    Complete output:
     > library(testthat)
     > library(areal)
     >
     > test_check("areal")
     ── 1. Failure: geom column is correctly renamed during interpolation (@test_aw_i
     `aw_interpolate(...)` threw an error.
     Message: internal error: can't find sf column
     Class: simpleError/error/condition
     Backtrace:
     1. testthat::expect_error(...)
     6. areal::aw_interpolate(...)
     7. areal:::aw_interpolate_single(...)
     8. areal:::aw_interpolater(...)
     13. areal::aw_intersect(., source = source, areaVar = "...area")
     18. areal:::aw_area(intersection, areaVar = !!areaVarQ)
     20. sf:::rename.sf(.data, geometry = colName)
    
     ══ testthat results ═══════════════════════════════════════════════════════════
     [ OK: 145 | SKIPPED: 0 | WARNINGS: 0 | FAILED: 1 ]
     1. Failure: geom column is correctly renamed during interpolation (@test_aw_interpolate.R#151)
    
     Error: testthat unit tests failed
     Execution halted
Flavor: r-devel-linux-x86_64-fedora-clang

Version: 0.1.6
Check: re-building of vignette outputs
Result: WARN
    Error(s) in re-building vignettes:
    --- re-building ‘areal-weighted-interpolation.Rmd’ using rmarkdown
    --- finished re-building ‘areal-weighted-interpolation.Rmd’
    
    --- re-building ‘areal.Rmd’ using rmarkdown
    --- finished re-building ‘areal.Rmd’
    
    --- re-building ‘data-preparation.Rmd’ using rmarkdown
    Quitting from lines 177-180 (data-preparation.Rmd)
    Error: processing vignette 'data-preparation.Rmd' failed with diagnostics:
    'names' attribute [5] must be the same length as the vector [4]
    --- failed re-building ‘data-preparation.Rmd’
    
    SUMMARY: processing the following file failed:
     ‘data-preparation.Rmd’
    
    Error: Vignette re-building failed.
    Execution halted
Flavors: r-devel-linux-x86_64-fedora-clang, r-devel-linux-x86_64-fedora-gcc

Version: 0.1.6
Check: tests
Result: ERROR
     Running ‘testthat.R’ [29s/89s]
    Running the tests in ‘tests/testthat.R’ failed.
    Complete output:
     > library(testthat)
     > library(areal)
     >
     > test_check("areal")
     ── 1. Failure: geom column is correctly renamed during interpolation (@test_aw_i
     `aw_interpolate(...)` threw an error.
     Message: internal error: can't find sf column
     Class: simpleError/error/condition
     Backtrace:
     1. testthat::expect_error(...)
     6. areal::aw_interpolate(...)
     7. areal:::aw_interpolate_single(...)
     8. areal:::aw_interpolater(...)
     13. areal::aw_intersect(., source = source, areaVar = "...area")
     18. areal:::aw_area(intersection, areaVar = !!areaVarQ)
     20. sf:::rename.sf(.data, geometry = colName)
    
     ══ testthat results ═══════════════════════════════════════════════════════════
     [ OK: 145 | SKIPPED: 0 | WARNINGS: 0 | FAILED: 1 ]
     1. Failure: geom column is correctly renamed during interpolation (@test_aw_interpolate.R#151)
    
     Error: testthat unit tests failed
     Execution halted
Flavor: r-devel-linux-x86_64-fedora-gcc

Version: 0.1.6
Check: tests
Result: ERROR
     Running ‘testthat.R’ [37s/75s]
    Running the tests in ‘tests/testthat.R’ failed.
    Complete output:
     > library(testthat)
     > library(areal)
     >
     > test_check("areal")
     ── 1. Failure: geom column is correctly renamed during interpolation (@test_aw_i
     `aw_interpolate(...)` threw an error.
     Message: internal error: can't find sf column
     Class: simpleError/error/condition
     Backtrace:
     1. testthat::expect_error(...)
     6. areal::aw_interpolate(...)
     7. areal:::aw_interpolate_single(...)
     8. areal:::aw_interpolater(...)
     13. areal::aw_intersect(., source = source, areaVar = "...area")
     18. areal:::aw_area(intersection, areaVar = !!areaVarQ)
     20. sf:::rename.sf(.data, geometry = colName)
    
     ══ testthat results ═══════════════════════════════════════════════════════════
     [ OK: 145 | SKIPPED: 0 | WARNINGS: 0 | FAILED: 1 ]
     1. Failure: geom column is correctly renamed during interpolation (@test_aw_interpolate.R#151)
    
     Error: testthat unit tests failed
     Execution halted
Flavor: r-patched-solaris-x86

Version: 0.1.6
Check: re-building of vignette outputs
Result: WARN
    Error(s) in re-building vignettes:
     ...
    --- re-building ‘areal-weighted-interpolation.Rmd’ using rmarkdown
    Warning in engine$weave(file, quiet = quiet, encoding = enc) :
     Pandoc (>= 1.12.3) and/or pandoc-citeproc not available. Falling back to R Markdown v1.
    --- finished re-building ‘areal-weighted-interpolation.Rmd’
    
    --- re-building ‘areal.Rmd’ using rmarkdown
    Warning in engine$weave(file, quiet = quiet, encoding = enc) :
     Pandoc (>= 1.12.3) and/or pandoc-citeproc not available. Falling back to R Markdown v1.
    --- finished re-building ‘areal.Rmd’
    
    --- re-building ‘data-preparation.Rmd’ using rmarkdown
    Warning in engine$weave(file, quiet = quiet, encoding = enc) :
     Pandoc (>= 1.12.3) and/or pandoc-citeproc not available. Falling back to R Markdown v1.
    Quitting from lines 177-180 (data-preparation.Rmd)
    Error: processing vignette 'data-preparation.Rmd' failed with diagnostics:
    'names' attribute [5] must be the same length as the vector [4]
    --- failed re-building ‘data-preparation.Rmd’
    
    SUMMARY: processing the following file failed:
     ‘data-preparation.Rmd’
    
    Error: Vignette re-building failed.
    Execution halted
Flavor: r-patched-solaris-x86

Version: 0.1.6
Check: whether package can be installed
Result: ERROR
    Installation failed.
Flavor: r-release-macos-x86_64