CRAN Package Check Results for Package ari

Last updated on 2024-06-19 06:57:56 CEST.

Flavor Version Tinstall Tcheck Ttotal Status Flags
r-devel-linux-x86_64-debian-clang 0.3.5 8.85 81.73 90.58 NOTE
r-devel-linux-x86_64-debian-gcc 0.3.5 6.58 59.08 65.66 NOTE
r-devel-linux-x86_64-fedora-clang 0.3.5 108.83 NOTE
r-devel-linux-x86_64-fedora-gcc 0.3.5 115.27 NOTE
r-devel-windows-x86_64 0.3.5 10.00 74.00 84.00 NOTE
r-patched-linux-x86_64 0.3.5 8.30 75.64 83.94 NOTE
r-release-linux-x86_64 0.3.5 6.86 77.79 84.65 NOTE
r-release-macos-arm64 0.3.5 40.00 NOTE
r-release-macos-x86_64 0.3.5 70.00 NOTE
r-release-windows-x86_64 0.3.5 9.00 75.00 84.00 NOTE
r-oldrel-macos-arm64 0.3.5 33.00 NOTE
r-oldrel-macos-x86_64 0.3.5 49.00 NOTE
r-oldrel-windows-x86_64 0.3.5 12.00 88.00 100.00 NOTE

Check Details

Version: 0.3.5
Check: LazyData
Result: NOTE 'LazyData' is specified without a 'data' directory Flavors: r-devel-linux-x86_64-debian-clang, r-devel-linux-x86_64-debian-gcc, r-devel-linux-x86_64-fedora-clang, r-devel-linux-x86_64-fedora-gcc, r-devel-windows-x86_64, r-patched-linux-x86_64, r-release-linux-x86_64, r-release-macos-arm64, r-release-macos-x86_64, r-release-windows-x86_64, r-oldrel-macos-arm64, r-oldrel-macos-x86_64, r-oldrel-windows-x86_64