CRAN Package Check Results for Package ari

Last updated on 2020-07-15 05:47:51 CEST.

Flavor Version Tinstall Tcheck Ttotal Status Flags
r-devel-linux-x86_64-debian-clang 0.3.5 5.26 48.22 53.48 OK
r-devel-linux-x86_64-debian-gcc 0.3.5 3.94 37.29 41.23 OK
r-devel-linux-x86_64-fedora-clang 0.3.5 69.22 OK
r-devel-linux-x86_64-fedora-gcc 0.3.5 61.94 OK
r-devel-windows-ix86+x86_64 0.3.5 15.00 87.00 102.00 OK
r-patched-linux-x86_64 0.3.5 4.72 47.64 52.36 OK
r-patched-solaris-x86 0.3.5 82.20 OK
r-release-linux-x86_64 0.3.5 4.45 47.51 51.96 OK
r-release-macos-x86_64 0.3.5 ERROR
r-release-windows-ix86+x86_64 0.3.5 21.00 81.00 102.00 OK
r-oldrel-macos-x86_64 0.3.5 OK
r-oldrel-windows-ix86+x86_64 0.3.5 16.00 87.00 103.00 OK

Check Details

Version: 0.3.5
Check: whether package can be installed
Result: ERROR
    Installation failed.
Flavor: r-release-macos-x86_64