CRAN Package Check Results for Package arkdb

Last updated on 2021-09-24 05:55:19 CEST.

Flavor Version Tinstall Tcheck Ttotal Status Flags
r-devel-linux-x86_64-debian-clang 0.0.12 2.93 247.15 250.08 NOTE
r-devel-linux-x86_64-debian-gcc 0.0.12 2.33 190.89 193.22 NOTE
r-devel-linux-x86_64-fedora-clang 0.0.12 303.44 NOTE
r-devel-linux-x86_64-fedora-gcc 0.0.12 292.36 NOTE
r-devel-windows-x86_64 0.0.12 6.00 228.00 234.00 NOTE
r-devel-windows-x86_64-gcc10-UCRT 0.0.12 NOTE
r-patched-linux-x86_64 0.0.12 3.30 234.09 237.39 NOTE
r-patched-solaris-x86 0.0.12 282.20 NOTE
r-release-linux-x86_64 0.0.12 2.70 235.09 237.79 NOTE
r-release-macos-arm64 0.0.12 NOTE
r-release-macos-x86_64 0.0.12 NOTE
r-release-windows-ix86+x86_64 0.0.12 8.00 307.00 315.00 NOTE
r-oldrel-macos-x86_64 0.0.12 NOTE
r-oldrel-windows-ix86+x86_64 0.0.12 29.00 228.00 257.00 NOTE

Check Details

Version: 0.0.12
Check: package dependencies
Result: NOTE
    Package suggested but not available for checking: 'MonetDBLite'
Flavors: r-devel-linux-x86_64-debian-clang, r-devel-linux-x86_64-debian-gcc, r-devel-linux-x86_64-fedora-clang, r-devel-linux-x86_64-fedora-gcc, r-devel-windows-x86_64, r-devel-windows-x86_64-gcc10-UCRT, r-patched-linux-x86_64, r-patched-solaris-x86, r-release-linux-x86_64, r-release-macos-arm64, r-release-macos-x86_64, r-release-windows-ix86+x86_64, r-oldrel-macos-x86_64, r-oldrel-windows-ix86+x86_64