CRAN Package Check Results for Package armada

Last updated on 2022-01-26 05:54:08 CET.

Flavor Version Tinstall Tcheck Ttotal Status Flags
r-devel-linux-x86_64-debian-clang 0.1.0 19.21 207.70 226.91 OK
r-devel-linux-x86_64-debian-gcc 0.1.0 14.65 156.57 171.22 OK
r-devel-linux-x86_64-fedora-clang 0.1.0 254.99 NOTE
r-devel-linux-x86_64-fedora-gcc 0.1.0 259.73 NOTE
r-devel-windows-x86_64-new-UL 0.1.0 41.00 218.00 259.00 OK
r-devel-windows-x86_64-new-TK 0.1.0 NOTE
r-patched-linux-x86_64 0.1.0 16.03 184.56 200.59 OK
r-release-linux-x86_64 0.1.0 15.86 184.23 200.09 OK
r-release-macos-arm64 0.1.0 NOTE
r-release-macos-x86_64 0.1.0 NOTE
r-release-windows-ix86+x86_64 0.1.0 42.00 214.00 256.00 OK
r-oldrel-macos-x86_64 0.1.0 NOTE
r-oldrel-windows-ix86+x86_64 0.1.0 44.00 214.00 258.00 OK

Check Details

Version: 0.1.0
Check: dependencies in R code
Result: NOTE
    Namespace in Imports field not imported from: ‘mvtnorm’
     All declared Imports should be used.
Flavors: r-devel-linux-x86_64-fedora-clang, r-devel-linux-x86_64-fedora-gcc, r-devel-windows-x86_64-new-TK, r-release-macos-arm64, r-release-macos-x86_64, r-oldrel-macos-x86_64