CRAN Package Check Results for Package aroma.affymetrix

Last updated on 2021-12-06 05:53:02 CET.

Flavor Version Tinstall Tcheck Ttotal Status Flags
r-devel-linux-x86_64-debian-clang 3.2.0 53.45 315.30 368.75 OK
r-devel-linux-x86_64-debian-gcc 3.2.0 47.73 231.15 278.88 OK
r-devel-linux-x86_64-fedora-clang 3.2.0 452.33 NOTE
r-devel-linux-x86_64-fedora-gcc 3.2.0 452.57 OK
r-devel-windows-x86_64-new-UL 3.2.0 150.00 339.00 489.00 NOTE
r-devel-windows-x86_64-new-TK 3.2.0 OK
r-devel-windows-x86_64-old 3.2.0 88.00 273.00 361.00 NOTE
r-patched-linux-x86_64 3.2.0 65.29 295.49 360.78 OK
r-release-linux-x86_64 3.2.0 56.17 302.78 358.95 OK
r-release-macos-arm64 3.2.0 NOTE
r-release-macos-x86_64 3.2.0 NOTE
r-release-windows-ix86+x86_64 3.2.0 98.00 320.00 418.00 NOTE
r-oldrel-macos-x86_64 3.2.0 NOTE
r-oldrel-windows-ix86+x86_64 3.2.0 95.00 322.00 417.00 NOTE

Check Details

Version: 3.2.0
Check: installed package size
Result: NOTE
     installed size is 5.8Mb
     sub-directories of 1Mb or more:
     R 2.3Mb
     help 1.1Mb
     testScripts 1.3Mb
Flavors: r-devel-linux-x86_64-fedora-clang, r-devel-windows-x86_64-new-UL, r-devel-windows-x86_64-old, r-release-macos-arm64, r-release-macos-x86_64, r-release-windows-ix86+x86_64, r-oldrel-macos-x86_64, r-oldrel-windows-ix86+x86_64

Version: 3.2.0
Check: package dependencies
Result: NOTE
    Packages suggested but not available for checking:
     'oligo', 'pdInfoBuilder', 'AffymetrixDataTestFiles'
Flavor: r-release-macos-arm64

Version: 3.2.0
Check: Rd cross-references
Result: NOTE
    Package unavailable to check Rd xrefs: ‘oligo’
Flavor: r-release-macos-arm64

Version: 3.2.0
Check: package dependencies
Result: NOTE
    Packages suggested but not available for checking:
     'pdInfoBuilder', 'AffymetrixDataTestFiles'
Flavors: r-release-macos-x86_64, r-oldrel-macos-x86_64