CRAN Package Check Results for Package arthistory

Last updated on 2022-08-16 05:53:53 CEST.

Flavor Version Tinstall Tcheck Ttotal Status Flags
r-devel-linux-x86_64-debian-clang 0.1.0 2.37 26.02 28.39 OK
r-devel-linux-x86_64-debian-gcc 0.1.0 1.80 20.49 22.29 OK
r-devel-linux-x86_64-fedora-clang 0.1.0 45.42 NOTE
r-devel-linux-x86_64-fedora-gcc 0.1.0 43.59 NOTE
r-devel-windows-x86_64 0.1.0 16.00 53.00 69.00 OK
r-patched-linux-x86_64 0.1.0 2.20 25.10 27.30 OK
r-release-linux-x86_64 0.1.0 1.94 25.85 27.79 OK
r-release-macos-arm64 0.1.0 24.00 NOTE
r-release-macos-x86_64 0.1.0 24.00 NOTE
r-release-windows-x86_64 0.1.0 13.00 55.00 68.00 OK
r-oldrel-macos-arm64 0.1.0 23.00 NOTE
r-oldrel-macos-x86_64 0.1.0 25.00 NOTE
r-oldrel-windows-ix86+x86_64 0.1.0 7.00 52.00 59.00 OK

Check Details

Version: 0.1.0
Check: data for non-ASCII characters
Result: NOTE
     Note: found 1409 marked UTF-8 strings
Flavors: r-devel-linux-x86_64-fedora-clang, r-devel-linux-x86_64-fedora-gcc, r-release-macos-arm64, r-release-macos-x86_64, r-oldrel-macos-arm64, r-oldrel-macos-x86_64