CRAN Package Check Results for Package ash

Last updated on 2022-01-18 05:50:05 CET.

Flavor Version Tinstall Tcheck Ttotal Status Flags
r-devel-linux-x86_64-debian-clang 1.0-15 2.43 28.04 30.47 OK
r-devel-linux-x86_64-debian-gcc 1.0-15 1.85 22.26 24.11 OK
r-devel-linux-x86_64-fedora-clang 1.0-15 38.55 NOTE
r-devel-linux-x86_64-fedora-gcc 1.0-15 28.00 NOTE
r-devel-windows-x86_64-new-UL 1.0-15 23.00 42.00 65.00 OK
r-devel-windows-x86_64-new-TK 1.0-15 OK
r-patched-linux-x86_64 1.0-15 2.47 26.52 28.99 OK
r-release-linux-x86_64 1.0-15 OK
r-release-macos-arm64 1.0-15 OK
r-release-macos-x86_64 1.0-15 OK
r-release-windows-ix86+x86_64 1.0-15 9.00 38.00 47.00 OK
r-oldrel-macos-x86_64 1.0-15 OK
r-oldrel-windows-ix86+x86_64 1.0-15 7.00 35.00 42.00 OK

Check Details

Version: 1.0-15
Check: compiled code
Result: NOTE
    File ‘ash/libs/ash.so’:
     Found no calls to: ‘R_registerRoutines’, ‘R_useDynamicSymbols’
    
    It is good practice to register native routines and to disable symbol
    search.
    
    See ‘Writing portable packages’ in the ‘Writing R Extensions’ manual.
Flavors: r-devel-linux-x86_64-fedora-clang, r-devel-linux-x86_64-fedora-gcc