CRAN Package Check Results for Package ashr

Last updated on 2022-01-28 05:48:50 CET.

Flavor Version Tinstall Tcheck Ttotal Status Flags
r-devel-linux-x86_64-debian-clang 2.2-47 28.33 242.20 270.53 NOTE
r-devel-linux-x86_64-debian-gcc 2.2-47 21.29 162.95 184.24 NOTE
r-devel-linux-x86_64-fedora-clang 2.2-47 302.44 NOTE
r-devel-linux-x86_64-fedora-gcc 2.2-47 294.13 NOTE
r-devel-windows-x86_64-new-UL 2.2-47 102.00 247.00 349.00 NOTE
r-devel-windows-x86_64-new-TK 2.2-47 NOTE
r-patched-linux-x86_64 2.2-47 28.98 199.22 228.20 NOTE
r-release-linux-x86_64 2.2-47 25.94 198.08 224.02 NOTE
r-release-macos-arm64 2.2-47 NOTE
r-release-macos-x86_64 2.2-47 NOTE
r-release-windows-ix86+x86_64 2.2-47 67.00 380.00 447.00 NOTE
r-oldrel-macos-x86_64 2.2-47 OK
r-oldrel-windows-ix86+x86_64 2.2-47 67.00 384.00 451.00 OK

Check Details

Version: 2.2-47
Check: LazyData
Result: NOTE
     'LazyData' is specified without a 'data' directory
Flavors: r-devel-linux-x86_64-debian-clang, r-devel-linux-x86_64-debian-gcc, r-devel-linux-x86_64-fedora-clang, r-devel-linux-x86_64-fedora-gcc, r-devel-windows-x86_64-new-UL, r-devel-windows-x86_64-new-TK, r-patched-linux-x86_64, r-release-linux-x86_64, r-release-macos-arm64, r-release-macos-x86_64, r-release-windows-ix86+x86_64