CRAN Package Check Results for Package attrib

Last updated on 2021-06-23 05:49:19 CEST.

Flavor Version Tinstall Tcheck Ttotal Status Flags
r-devel-linux-x86_64-debian-clang 2021.1.2 3.66 208.82 212.48 OK
r-devel-linux-x86_64-debian-gcc 2021.1.2 2.66 155.10 157.76 OK
r-devel-linux-x86_64-fedora-clang 2021.1.2 257.31 NOTE
r-devel-linux-x86_64-fedora-gcc 2021.1.2 237.46 NOTE
r-devel-windows-x86_64 2021.1.2 6.00 229.00 235.00 OK
r-devel-windows-x86_64-gcc10-UCRT 2021.1.2 NOTE
r-patched-linux-x86_64 2021.1.2 3.13 195.92 199.05 OK
r-patched-solaris-x86 2021.1.2 554.80 NOTE
r-release-linux-x86_64 2021.1.2 3.29 223.53 226.82 OK
r-release-macos-arm64 2021.1.2 NOTE
r-release-macos-x86_64 2021.1.2 NOTE
r-release-windows-ix86+x86_64 2021.1.2 7.00 205.00 212.00 OK
r-oldrel-macos-x86_64 2021.1.2 NOTE

Check Details

Version: 2021.1.2
Check: dependencies in R code
Result: NOTE
    Namespaces in Imports field not imported from:
     ‘dlnm’ ‘ggplot2’ ‘lubridate’ ‘mvmeta’ ‘pbs’ ‘tsModel’
     All declared Imports should be used.
Flavors: r-devel-linux-x86_64-fedora-clang, r-devel-linux-x86_64-fedora-gcc, r-devel-windows-x86_64-gcc10-UCRT, r-patched-solaris-x86, r-release-macos-arm64, r-release-macos-x86_64, r-oldrel-macos-x86_64