CRAN Package Check Results for Package auRoc

Last updated on 2019-08-21 05:46:47 CEST.

Flavor Version Tinstall Tcheck Ttotal Status Flags
r-devel-linux-x86_64-debian-clang 0.2-0 2.94 24.90 27.84 NOTE
r-devel-linux-x86_64-debian-gcc 0.2-0 2.86 20.02 22.88 NOTE
r-devel-linux-x86_64-fedora-clang 0.2-0 33.63 NOTE
r-devel-linux-x86_64-fedora-gcc 0.2-0 34.15 NOTE
r-devel-windows-ix86+x86_64 0.2-0 13.00 57.00 70.00 OK
r-patched-linux-x86_64 0.2-0 2.58 25.07 27.65 OK
r-patched-solaris-x86 0.2-0 57.30 OK
r-release-linux-x86_64 0.2-0 3.16 24.81 27.97 OK
r-release-windows-ix86+x86_64 0.2-0 6.00 37.00 43.00 OK
r-release-osx-x86_64 0.2-0 OK
r-oldrel-windows-ix86+x86_64 0.2-0 7.00 52.00 59.00 OK
r-oldrel-osx-x86_64 0.2-0 OK

Check Details

Version: 0.2-0
Check: for non-standard things in the check directory
Result: NOTE
    Found the following files/directories:
     'model.txt'
Flavors: r-devel-linux-x86_64-debian-clang, r-devel-linux-x86_64-debian-gcc, r-devel-linux-x86_64-fedora-clang, r-devel-linux-x86_64-fedora-gcc