CRAN Package Check Results for Package auRoc

Last updated on 2019-12-07 05:47:25 CET.

Flavor Version Tinstall Tcheck Ttotal Status Flags
r-devel-linux-x86_64-debian-clang 0.2-0 2.99 26.44 29.43 NOTE
r-devel-linux-x86_64-debian-gcc 0.2-0 2.74 20.79 23.53 NOTE
r-devel-linux-x86_64-fedora-clang 0.2-0 34.12 NOTE
r-devel-linux-x86_64-fedora-gcc 0.2-0 33.47 NOTE
r-devel-windows-ix86+x86_64 0.2-0 9.00 53.00 62.00 OK
r-devel-windows-ix86+x86_64-gcc8 0.2-0 7.00 42.00 49.00 OK
r-patched-linux-x86_64 0.2-0 2.89 24.20 27.09 OK
r-patched-solaris-x86 0.2-0 55.40 OK
r-release-linux-x86_64 0.2-0 2.54 24.32 26.86 OK
r-release-windows-ix86+x86_64 0.2-0 8.00 39.00 47.00 OK
r-release-osx-x86_64 0.2-0 OK
r-oldrel-windows-ix86+x86_64 0.2-0 4.00 60.00 64.00 OK
r-oldrel-osx-x86_64 0.2-0 OK

Check Details

Version: 0.2-0
Check: for non-standard things in the check directory
Result: NOTE
    Found the following files/directories:
     'model.txt'
Flavors: r-devel-linux-x86_64-debian-clang, r-devel-linux-x86_64-debian-gcc, r-devel-linux-x86_64-fedora-clang, r-devel-linux-x86_64-fedora-gcc