CRAN Package Check Results for Package auRoc

Last updated on 2022-01-24 05:51:42 CET.

Flavor Version Tinstall Tcheck Ttotal Status Flags
r-devel-linux-x86_64-debian-clang 0.2-1 3.39 38.35 41.74 OK
r-devel-linux-x86_64-debian-gcc 0.2-1 2.43 29.66 32.09 OK
r-devel-linux-x86_64-fedora-clang 0.2-1 50.64 OK
r-devel-linux-x86_64-fedora-gcc 0.2-1 39.11 OK
r-devel-windows-x86_64-new-UL 0.2-1 10.00 55.00 65.00 OK
r-devel-windows-x86_64-new-TK 0.2-1 ERROR
r-patched-linux-x86_64 0.2-1 2.18 36.07 38.25 OK
r-release-linux-x86_64 0.2-1 2.24 36.27 38.51 OK
r-release-macos-arm64 0.2-1 OK
r-release-macos-x86_64 0.2-1 OK
r-release-windows-ix86+x86_64 0.2-1 8.00 49.00 57.00 OK
r-oldrel-macos-x86_64 0.2-1 OK
r-oldrel-windows-ix86+x86_64 0.2-1 8.00 46.00 54.00 OK

Check Details

Version: 0.2-1
Check: package dependencies
Result: ERROR
    Package required but not available: 'MBESS'
    
    See section 'The DESCRIPTION file' in the 'Writing R Extensions'
    manual.
Flavor: r-devel-windows-x86_64-new-TK