CRAN Package Check Results for Package audrex

Last updated on 2021-09-28 05:48:34 CEST.

Flavor Version Tinstall Tcheck Ttotal Status Flags
r-devel-linux-x86_64-debian-clang 1.0.1 16.25 138.72 154.97 OK
r-devel-linux-x86_64-debian-gcc 1.0.1 13.14 103.34 116.48 OK
r-devel-linux-x86_64-fedora-clang 1.0.1 192.11 NOTE
r-devel-linux-x86_64-fedora-gcc 1.0.1 180.21 NOTE
r-devel-windows-x86_64 1.0.1 19.00 113.00 132.00 OK
r-devel-windows-x86_64-gcc10-UCRT 1.0.1 NOTE
r-patched-linux-x86_64 1.0.1 16.38 129.02 145.40 OK
r-patched-solaris-x86 1.0.1 266.80 NOTE
r-release-linux-x86_64 1.0.1 15.16 127.76 142.92 OK
r-release-macos-arm64 1.0.1 NOTE
r-release-macos-x86_64 1.0.1 NOTE
r-release-windows-ix86+x86_64 1.0.1 39.00 152.00 191.00 OK
r-oldrel-macos-x86_64 1.0.1 NOTE
r-oldrel-windows-ix86+x86_64 1.0.1 27.00 108.00 135.00 OK

Check Details

Version: 1.0.1
Check: data for non-ASCII characters
Result: NOTE
     Note: found 1 marked UTF-8 string
Flavors: r-devel-linux-x86_64-fedora-clang, r-devel-linux-x86_64-fedora-gcc, r-devel-windows-x86_64-gcc10-UCRT, r-patched-solaris-x86, r-release-macos-arm64, r-release-macos-x86_64, r-oldrel-macos-x86_64