CRAN Package Check Results for Package auk

Last updated on 2024-06-13 06:57:54 CEST.

Flavor Version Tinstall Tcheck Ttotal Status Flags
r-devel-linux-x86_64-debian-clang 0.7.0 8.72 98.75 107.47 OK
r-devel-linux-x86_64-debian-gcc 0.7.0 0.57 1.86 2.43 ERROR
r-devel-linux-x86_64-fedora-clang 0.7.0 129.57 OK
r-devel-linux-x86_64-fedora-gcc 0.7.0 137.68 OK
r-devel-windows-x86_64 0.7.0 8.00 108.00 116.00 OK
r-patched-linux-x86_64 0.7.0 12.07 92.17 104.24 OK
r-release-linux-x86_64 0.7.0 7.41 94.50 101.91 OK
r-release-macos-arm64 0.7.0 47.00 OK
r-release-macos-x86_64 0.7.0 76.00 OK
r-release-windows-x86_64 0.7.0 9.00 110.00 119.00 OK
r-oldrel-macos-arm64 0.7.0 49.00 OK
r-oldrel-macos-x86_64 0.7.0 119.00 OK
r-oldrel-windows-x86_64 0.7.0 10.00 126.00 136.00 OK

Check Details

Version: 0.7.0
Check: package dependencies
Result: ERROR Packages required but not available: 'dplyr', 'readr', 'stringr', 'tidyr' Packages suggested but not available for checking: 'testthat', 'unmarked' See section ‘The DESCRIPTION file’ in the ‘Writing R Extensions’ manual. Flavor: r-devel-linux-x86_64-debian-gcc