CRAN Package Check Results for Package autocogs

Last updated on 2022-11-28 04:54:35 CET.

Flavor Version Tinstall Tcheck Ttotal Status Flags
r-devel-linux-x86_64-debian-clang 0.1.4 5.83 67.87 73.70 OK
r-devel-linux-x86_64-debian-gcc 0.1.4 3.50 50.76 54.26 OK
r-devel-linux-x86_64-fedora-clang 0.1.4 102.57 NOTE
r-devel-linux-x86_64-fedora-gcc 0.1.4 97.21 NOTE
r-devel-windows-x86_64 0.1.4 18.00 102.00 120.00 OK
r-patched-linux-x86_64 0.1.4 5.12 63.75 68.87 OK
r-release-linux-x86_64 0.1.4 4.41 64.17 68.58 OK
r-release-macos-arm64 0.1.4 27.00 NOTE
r-release-macos-x86_64 0.1.4 54.00 NOTE
r-release-windows-x86_64 0.1.4 27.00 99.00 126.00 OK
r-oldrel-macos-arm64 0.1.4 33.00 NOTE
r-oldrel-macos-x86_64 0.1.4 44.00 NOTE
r-oldrel-windows-ix86+x86_64 0.1.4 15.00 92.00 107.00 OK

Check Details

Version: 0.1.4
Check: dependencies in R code
Result: NOTE
    Namespaces in Imports field not imported from:
     ‘MASS’ ‘broom’ ‘diptest’ ‘ggplot2’ ‘hexbin’ ‘moments’
     All declared Imports should be used.
Flavors: r-devel-linux-x86_64-fedora-clang, r-devel-linux-x86_64-fedora-gcc, r-release-macos-arm64, r-release-macos-x86_64, r-oldrel-macos-arm64, r-oldrel-macos-x86_64