CRAN Package Check Results for Package autokeras

Last updated on 2022-01-21 05:52:02 CET.

Flavor Version Tinstall Tcheck Ttotal Status Flags
r-devel-linux-x86_64-debian-clang 1.0.12 NOTE
r-devel-linux-x86_64-debian-gcc 1.0.12 5.92 62.18 68.10 NOTE
r-devel-linux-x86_64-fedora-clang 1.0.12 111.20 NOTE
r-devel-linux-x86_64-fedora-gcc 1.0.12 100.40 NOTE
r-devel-windows-x86_64-new-UL 1.0.12 29.00 101.00 130.00 NOTE
r-devel-windows-x86_64-new-TK 1.0.12 NOTE
r-patched-linux-x86_64 1.0.12 8.02 79.14 87.16 NOTE
r-release-linux-x86_64 1.0.12 7.55 77.90 85.45 NOTE
r-release-macos-arm64 1.0.12 NOTE
r-release-macos-x86_64 1.0.12 NOTE
r-release-windows-ix86+x86_64 1.0.12 19.00 96.00 115.00 NOTE
r-oldrel-macos-x86_64 1.0.12 OK
r-oldrel-windows-ix86+x86_64 1.0.12 18.00 95.00 113.00 OK

Check Details

Version: 1.0.12
Check: LazyData
Result: NOTE
     'LazyData' is specified without a 'data' directory
Flavors: r-devel-linux-x86_64-debian-clang, r-devel-linux-x86_64-debian-gcc, r-devel-linux-x86_64-fedora-clang, r-devel-linux-x86_64-fedora-gcc, r-devel-windows-x86_64-new-UL, r-devel-windows-x86_64-new-TK, r-patched-linux-x86_64, r-release-linux-x86_64, r-release-macos-arm64, r-release-macos-x86_64, r-release-windows-ix86+x86_64

Version: 1.0.12
Check: Rd cross-references
Result: NOTE
    Undeclared package ‘tensorflow’ in Rd xrefs
Flavor: r-devel-linux-x86_64-fedora-clang