CRAN Package Check Results for Package autostsm

Last updated on 2021-06-23 05:49:20 CEST.

Flavor Version Tinstall Tcheck Ttotal Status Flags
r-devel-linux-x86_64-debian-clang 1.4 43.86 76.54 120.40 OK
r-devel-linux-x86_64-debian-gcc 1.4 31.44 55.27 86.71 OK
r-devel-linux-x86_64-fedora-clang 1.4 168.20 NOTE
r-devel-linux-x86_64-fedora-gcc 1.4 143.11 NOTE
r-devel-windows-x86_64 1.4 57.00 98.00 155.00 OK
r-devel-windows-x86_64-gcc10-UCRT 1.4 ERROR
r-patched-linux-x86_64 1.4 34.91 70.02 104.93 OK
r-patched-solaris-x86 1.4 164.30 NOTE
r-release-linux-x86_64 1.4 38.03 70.64 108.67 OK
r-release-macos-arm64 1.4 NOTE
r-release-macos-x86_64 1.4 NOTE
r-release-windows-ix86+x86_64 1.4 76.00 120.00 196.00 OK
r-oldrel-macos-x86_64 1.4 NOTE

Check Details

Version: 1.4
Check: dependencies in R code
Result: NOTE
    Namespace in Imports field not imported from: ‘zoo’
     All declared Imports should be used.
Flavors: r-devel-linux-x86_64-fedora-clang, r-devel-linux-x86_64-fedora-gcc, r-patched-solaris-x86, r-release-macos-arm64, r-release-macos-x86_64, r-oldrel-macos-x86_64

Version: 1.4
Check: package dependencies
Result: ERROR
    Packages required but not available: 'forecast', 'tsutils', 'imputeTS'
    
    See section 'The DESCRIPTION file' in the 'Writing R Extensions'
    manual.
Flavor: r-devel-windows-x86_64-gcc10-UCRT