CRAN Package Check Results for Package bRacatus

Last updated on 2022-01-23 05:57:46 CET.

Flavor Version Tinstall Tcheck Ttotal Status Flags
r-devel-linux-x86_64-debian-clang 1.0.7 32.82 335.82 368.64 OK
r-devel-linux-x86_64-debian-gcc 1.0.7 28.87 271.40 300.27 OK
r-devel-linux-x86_64-fedora-clang 1.0.7 456.44 NOTE
r-devel-linux-x86_64-fedora-gcc 1.0.7 434.49 NOTE
r-devel-windows-x86_64-new-UL 1.0.7 78.00 364.00 442.00 OK
r-devel-windows-x86_64-new-TK 1.0.7 NOTE
r-patched-linux-x86_64 1.0.7 25.84 323.18 349.02 OK
r-release-linux-x86_64 1.0.7 31.13 325.35 356.48 OK
r-release-macos-arm64 1.0.7 NOTE
r-release-macos-x86_64 1.0.7 NOTE
r-release-windows-ix86+x86_64 1.0.7 97.00 414.00 511.00 OK
r-oldrel-macos-x86_64 1.0.7 NOTE
r-oldrel-windows-ix86+x86_64 1.0.7 150.00 405.00 555.00 OK

Check Details

Version: 1.0.7
Check: data for non-ASCII characters
Result: NOTE
     Note: found 2487 marked UTF-8 strings
Flavors: r-devel-linux-x86_64-fedora-clang, r-devel-linux-x86_64-fedora-gcc, r-devel-windows-x86_64-new-TK, r-release-macos-arm64, r-release-macos-x86_64, r-oldrel-macos-x86_64