CRAN Package Check Results for Package bWGR

Last updated on 2022-01-24 05:51:43 CET.

Flavor Version Tinstall Tcheck Ttotal Status Flags
r-devel-linux-x86_64-debian-clang 1.6.6 43.22 43.09 86.31 OK
r-devel-linux-x86_64-debian-gcc 1.6.6 30.55 33.40 63.95 OK
r-devel-linux-x86_64-fedora-clang 1.6.6 127.41 NOTE
r-devel-linux-x86_64-fedora-gcc 1.6.6 94.78 OK
r-devel-windows-x86_64-new-UL 1.6.6 43.00 96.00 139.00 OK
r-devel-windows-x86_64-new-TK 1.6.6 OK
r-patched-linux-x86_64 1.6.6 32.95 41.13 74.08 OK
r-release-linux-x86_64 1.6.6 36.31 41.22 77.53 OK
r-release-macos-arm64 1.6.6 NOTE
r-release-macos-x86_64 1.6.6 OK
r-release-windows-ix86+x86_64 1.6.6 86.00 78.00 164.00 OK
r-oldrel-macos-x86_64 1.6.6 OK
r-oldrel-windows-ix86+x86_64 1.6.6 85.00 79.00 164.00 OK

Check Details

Version: 1.6.6
Check: installed package size
Result: NOTE
     installed size is 5.6Mb
     sub-directories of 1Mb or more:
     libs 5.4Mb
Flavors: r-devel-linux-x86_64-fedora-clang, r-release-macos-arm64