CRAN Package Check Results for Package baRulho

Last updated on 2020-07-06 04:47:22 CEST.

Flavor Version Tinstall Tcheck Ttotal Status Flags
r-devel-linux-x86_64-debian-clang 1.0.2 8.49 107.69 116.18 NOTE
r-devel-linux-x86_64-debian-gcc 1.0.2 5.84 80.58 86.42 NOTE
r-devel-linux-x86_64-fedora-clang 1.0.2 141.36 NOTE
r-devel-linux-x86_64-fedora-gcc 1.0.2 134.20 NOTE
r-devel-windows-ix86+x86_64 1.0.2 22.00 186.00 208.00 OK
r-patched-linux-x86_64 1.0.2 7.81 103.38 111.19 NOTE
r-patched-solaris-x86 1.0.2 193.80 NOTE
r-release-linux-x86_64 1.0.2 7.73 104.60 112.33 NOTE
r-release-osx-x86_64 1.0.2 OK
r-release-windows-ix86+x86_64 1.0.2 16.00 126.00 142.00 OK
r-oldrel-osx-x86_64 1.0.2 OK
r-oldrel-windows-ix86+x86_64 1.0.2 41.00 170.00 211.00 OK

Check Details

Version: 1.0.2
Check: dependencies in R code
Result: NOTE
    Unexported objects imported by ':::' calls:
     'warbleR:::img_wrlbr_int' 'warbleR:::spectro_wrblr_int2'
     See the note in ?`:::` about the use of this operator.
Flavors: r-devel-linux-x86_64-debian-clang, r-devel-linux-x86_64-debian-gcc, r-devel-linux-x86_64-fedora-clang, r-devel-linux-x86_64-fedora-gcc, r-patched-linux-x86_64, r-patched-solaris-x86, r-release-linux-x86_64

Version: 1.0.2
Check: Rd cross-references
Result: NOTE
    Undeclared package ‘Rraven’ in Rd xrefs
Flavor: r-devel-linux-x86_64-fedora-clang