Last updated on 2023-02-02 06:03:19 CET.
Flavor | Version | Tinstall | Tcheck | Ttotal | Status | Flags |
---|---|---|---|---|---|---|
r-devel-linux-x86_64-debian-clang | 0.0.1 | 6.44 | 37.40 | 43.84 | OK | |
r-devel-linux-x86_64-debian-gcc | 0.0.1 | 5.74 | 28.53 | 34.27 | OK | |
r-devel-linux-x86_64-fedora-clang | 0.0.1 | 56.77 | NOTE | |||
r-devel-linux-x86_64-fedora-gcc | 0.0.1 | 55.07 | NOTE | |||
r-devel-windows-x86_64 | 0.0.1 | 13.00 | 73.00 | 86.00 | OK | |
r-patched-linux-x86_64 | 0.0.1 | 7.63 | 38.20 | 45.83 | OK | |
r-release-linux-x86_64 | 0.0.1 | 5.43 | 37.31 | 42.74 | OK | |
r-release-macos-arm64 | 0.0.1 | 23.00 | NOTE | |||
r-release-macos-x86_64 | 0.0.1 | 32.00 | NOTE | |||
r-release-windows-x86_64 | 0.0.1 | 13.00 | 75.00 | 88.00 | OK | |
r-oldrel-macos-arm64 | 0.0.1 | 24.00 | NOTE | |||
r-oldrel-macos-x86_64 | 0.0.1 | 33.00 | NOTE | |||
r-oldrel-windows-ix86+x86_64 | 0.0.1 | 13.00 | 63.00 | 76.00 | OK |
Version: 0.0.1
Check: data for non-ASCII characters
Result: NOTE
Note: found 133353 marked UTF-8 strings
Flavors: r-devel-linux-x86_64-fedora-clang, r-devel-linux-x86_64-fedora-gcc, r-release-macos-arm64, r-release-macos-x86_64, r-oldrel-macos-arm64, r-oldrel-macos-x86_64