CRAN Package Check Results for Package balance

Last updated on 2020-01-20 05:47:07 CET.

Flavor Version Tinstall Tcheck Ttotal Status Flags
r-devel-linux-x86_64-debian-clang 0.2.4 3.61 52.27 55.88 OK
r-devel-linux-x86_64-debian-gcc 0.2.4 3.34 39.93 43.27 OK
r-devel-linux-x86_64-fedora-clang 0.2.4 69.11 OK
r-devel-linux-x86_64-fedora-gcc 0.2.4 65.83 OK
r-devel-windows-ix86+x86_64 0.2.4 18.00 94.00 112.00 OK
r-devel-windows-ix86+x86_64-gcc8 0.2.4 12.00 79.00 91.00 OK
r-patched-linux-x86_64 0.2.4 2.59 46.01 48.60 OK
r-patched-solaris-x86 0.2.4 86.00 OK
r-release-linux-x86_64 0.2.4 2.84 46.41 49.25 OK
r-release-windows-ix86+x86_64 0.2.4 13.00 98.00 111.00 OK
r-release-osx-x86_64 0.2.4 NOTE
r-oldrel-windows-ix86+x86_64 0.2.4 4.00 60.00 64.00 OK
r-oldrel-osx-x86_64 0.2.4 NOTE

Check Details

Version: 0.2.4
Check: package dependencies
Result: NOTE
    Package suggested but not available for checking: ‘philr’
Flavors: r-release-osx-x86_64, r-oldrel-osx-x86_64