CRAN Package Check Results for Package balance

Last updated on 2019-08-23 05:46:50 CEST.

Flavor Version Tinstall Tcheck Ttotal Status Flags
r-devel-linux-x86_64-debian-clang 0.2.4 3.52 46.97 50.49 OK
r-devel-linux-x86_64-debian-gcc 0.2.4 2.56 36.27 38.83 OK
r-devel-linux-x86_64-fedora-clang 0.2.4 60.40 OK
r-devel-linux-x86_64-fedora-gcc 0.2.4 58.83 OK
r-devel-windows-ix86+x86_64 0.2.4 14.00 92.00 106.00 OK
r-patched-linux-x86_64 0.2.4 2.99 45.54 48.53 OK
r-patched-solaris-x86 0.2.4 84.70 OK
r-release-linux-x86_64 0.2.4 2.86 45.82 48.68 OK
r-release-windows-ix86+x86_64 0.2.4 13.00 90.00 103.00 OK
r-release-osx-x86_64 0.2.4 NOTE
r-oldrel-windows-ix86+x86_64 0.2.4 15.00 83.00 98.00 OK
r-oldrel-osx-x86_64 0.2.4 NOTE

Check Details

Version: 0.2.4
Check: package dependencies
Result: NOTE
    Package suggested but not available for checking: ‘philr’
Flavors: r-release-osx-x86_64, r-oldrel-osx-x86_64