CRAN Package Check Results for Package batchtools

Last updated on 2021-06-18 05:48:38 CEST.

Flavor Version Tinstall Tcheck Ttotal Status Flags
r-devel-linux-x86_64-debian-clang 0.9.15 14.39 163.26 177.65 OK
r-devel-linux-x86_64-debian-gcc 0.9.15 9.54 118.05 127.59 OK
r-devel-linux-x86_64-fedora-clang 0.9.15 210.04 NOTE
r-devel-linux-x86_64-fedora-gcc 0.9.15 200.95 OK
r-devel-windows-x86_64 0.9.15 21.00 213.00 234.00 OK
r-devel-windows-x86_64-gcc10-UCRT 0.9.15 OK
r-patched-linux-x86_64 0.9.15 18.36 148.58 166.94 OK
r-patched-solaris-x86 0.9.15 275.10 OK
r-release-linux-x86_64 0.9.15 12.72 147.07 159.79 OK
r-release-macos-arm64 0.9.15 NOTE
r-release-macos-x86_64 0.9.15 NOTE
r-release-windows-ix86+x86_64 0.9.15 28.00 333.00 361.00 OK
r-oldrel-macos-x86_64 0.9.15 NOTE
r-oldrel-windows-ix86+x86_64 0.9.15 21.00 351.00 372.00 OK

Check Details

Version: 0.9.15
Check: Rd cross-references
Result: NOTE
    Undeclared package ‘Rmpi’ in Rd xrefs
Flavor: r-devel-linux-x86_64-fedora-clang

Version: 0.9.15
Check: package dependencies
Result: NOTE
    Package suggested but not available for checking: ‘doMPI’
Flavors: r-release-macos-arm64, r-release-macos-x86_64, r-oldrel-macos-x86_64

Version: 0.9.15
Check: Rd cross-references
Result: NOTE
    Package unavailable to check Rd xrefs: ‘Rmpi’
Flavors: r-release-macos-arm64, r-release-macos-x86_64, r-oldrel-macos-x86_64