CRAN Package Check Results for Package batchtools

Last updated on 2022-11-28 04:54:35 CET.

Flavor Version Tinstall Tcheck Ttotal Status Flags
r-devel-linux-x86_64-debian-clang 0.9.15 15.87 163.84 179.71 OK
r-devel-linux-x86_64-debian-gcc 0.9.15 9.71 120.03 129.74 OK
r-devel-linux-x86_64-fedora-clang 0.9.15 230.89 NOTE
r-devel-linux-x86_64-fedora-gcc 0.9.15 219.10 OK
r-devel-windows-x86_64 0.9.15 86.00 252.00 338.00 OK
r-patched-linux-x86_64 0.9.15 19.32 141.74 161.06 OK
r-release-linux-x86_64 0.9.15 13.71 147.03 160.74 OK
r-release-macos-arm64 0.9.15 78.00 NOTE
r-release-macos-x86_64 0.9.15 104.00 NOTE
r-release-windows-x86_64 0.9.15 96.00 234.00 330.00 OK
r-oldrel-macos-arm64 0.9.15 93.00 NOTE
r-oldrel-macos-x86_64 0.9.15 125.00 NOTE
r-oldrel-windows-ix86+x86_64 0.9.15 31.00 333.00 364.00 OK

Check Details

Version: 0.9.15
Check: Rd cross-references
Result: NOTE
    Undeclared package ‘Rmpi’ in Rd xrefs
Flavor: r-devel-linux-x86_64-fedora-clang

Version: 0.9.15
Check: package dependencies
Result: NOTE
    Package suggested but not available for checking: ‘doMPI’
Flavors: r-release-macos-arm64, r-release-macos-x86_64, r-oldrel-macos-arm64, r-oldrel-macos-x86_64

Version: 0.9.15
Check: Rd cross-references
Result: NOTE
    Package unavailable to check Rd xrefs: ‘Rmpi’
Flavors: r-release-macos-arm64, r-release-macos-x86_64, r-oldrel-macos-arm64, r-oldrel-macos-x86_64