CRAN Package Check Results for Package bayesDP

Last updated on 2019-11-17 05:47:06 CET.

Flavor Version Tinstall Tcheck Ttotal Status Flags
r-devel-linux-x86_64-debian-clang 1.3.2 52.06 119.48 171.54 OK
r-devel-linux-x86_64-debian-gcc 1.3.2 38.54 88.74 127.28 OK
r-devel-linux-x86_64-fedora-clang 1.3.2 207.57 NOTE
r-devel-linux-x86_64-fedora-gcc 1.3.2 211.61 NOTE
r-devel-windows-ix86+x86_64 1.3.2 145.00 207.00 352.00 OK
r-patched-linux-x86_64 1.3.2 44.54 110.66 155.20 OK
r-patched-solaris-x86 1.3.2 243.40 NOTE
r-release-linux-x86_64 1.3.2 43.09 110.12 153.21 OK
r-release-windows-ix86+x86_64 1.3.2 95.00 147.00 242.00 OK
r-release-osx-x86_64 1.3.2 NOTE
r-oldrel-windows-ix86+x86_64 1.3.2 85.00 131.00 216.00 OK
r-oldrel-osx-x86_64 1.3.2 NOTE

Check Details

Version: 1.3.2
Check: dependencies in R code
Result: NOTE
    Namespace in Imports field not imported from: ‘Rcpp’
     All declared Imports should be used.
Flavors: r-devel-linux-x86_64-fedora-clang, r-devel-linux-x86_64-fedora-gcc, r-patched-solaris-x86, r-release-osx-x86_64, r-oldrel-osx-x86_64