CRAN Package Check Results for Package bayesTFR

Last updated on 2019-08-18 05:46:10 CEST.

Flavor Version Tinstall Tcheck Ttotal Status Flags
r-devel-linux-x86_64-debian-clang 6.3-1 13.98 76.78 90.76 OK
r-devel-linux-x86_64-debian-gcc 6.3-1 10.80 58.85 69.65 OK
r-devel-linux-x86_64-fedora-clang 6.3-1 107.06 NOTE
r-devel-linux-x86_64-fedora-gcc 6.3-1 104.94 OK
r-devel-windows-ix86+x86_64 6.3-1 53.00 151.00 204.00 OK
r-patched-linux-x86_64 6.3-1 12.88 76.18 89.06 OK
r-patched-solaris-x86 6.3-1 143.80 OK
r-release-linux-x86_64 6.3-1 12.06 76.21 88.27 OK
r-release-windows-ix86+x86_64 6.3-1 122.00 153.00 275.00 OK
r-release-osx-x86_64 6.3-1 NOTE
r-oldrel-windows-ix86+x86_64 6.3-1 39.00 146.00 185.00 OK
r-oldrel-osx-x86_64 6.3-1 NOTE

Check Details

Version: 6.3-1
Check: installed package size
Result: NOTE
     installed size is 6.0Mb
     sub-directories of 1Mb or more:
     ex-data 4.7Mb
Flavors: r-devel-linux-x86_64-fedora-clang, r-release-osx-x86_64, r-oldrel-osx-x86_64