Last updated on 2021-01-19 05:47:55 CET.
Flavor | Version | Tinstall | Tcheck | Ttotal | Status | Flags |
---|---|---|---|---|---|---|
r-devel-linux-x86_64-debian-clang | 0.1.3 | 210.02 | 28.57 | 238.59 | OK | |
r-devel-linux-x86_64-debian-gcc | 0.1.3 | 142.33 | 22.86 | 165.19 | OK | |
r-devel-linux-x86_64-fedora-clang | 0.1.3 | 355.19 | NOTE | |||
r-devel-linux-x86_64-fedora-gcc | 0.1.3 | 314.57 | OK | |||
r-devel-windows-ix86+x86_64 | 0.1.3 | 341.00 | 68.00 | 409.00 | OK | |
r-patched-linux-x86_64 | 0.1.3 | 174.20 | 28.17 | 202.37 | OK | |
r-patched-solaris-x86 | 0.1.3 | 244.90 | OK | |||
r-release-linux-x86_64 | 0.1.3 | 166.35 | 28.35 | 194.70 | OK | |
r-release-macos-x86_64 | 0.1.3 | NOTE | ||||
r-release-windows-ix86+x86_64 | 0.1.3 | 487.00 | 67.00 | 554.00 | OK | |
r-oldrel-macos-x86_64 | 0.1.3 | NOTE | ||||
r-oldrel-windows-ix86+x86_64 | 0.1.3 | 315.00 | 52.00 | 367.00 | OK |
Version: 0.1.3
Check: installed package size
Result: NOTE
installed size is 7.2Mb
sub-directories of 1Mb or more:
libs 7.1Mb
Flavors: r-devel-linux-x86_64-fedora-clang, r-release-macos-x86_64, r-oldrel-macos-x86_64