CRAN Package Check Results for Package bayeslm

Last updated on 2020-02-27 05:48:40 CET.

Flavor Version Tinstall Tcheck Ttotal Status Flags
r-devel-linux-x86_64-debian-clang 0.8.0 185.83 36.00 221.83 NOTE
r-devel-linux-x86_64-debian-gcc 0.8.0 131.92 27.32 159.24 NOTE
r-devel-linux-x86_64-fedora-clang 0.8.0 309.85 NOTE
r-devel-linux-x86_64-fedora-gcc 0.8.0 296.84 NOTE
r-devel-windows-ix86+x86_64 0.8.0 318.00 72.00 390.00 NOTE
r-devel-windows-ix86+x86_64-gcc8 0.8.0 368.00 74.00 442.00 NOTE
r-patched-linux-x86_64 0.8.0 145.24 32.21 177.45 NOTE
r-patched-solaris-x86 0.8.0 261.20 NOTE
r-release-linux-x86_64 0.8.0 148.33 31.94 180.27 NOTE
r-release-windows-ix86+x86_64 0.8.0 320.00 76.00 396.00 NOTE
r-release-osx-x86_64 0.8.0 NOTE
r-oldrel-windows-ix86+x86_64 0.8.0 313.00 76.00 389.00 NOTE
r-oldrel-osx-x86_64 0.8.0 NOTE

Check Details

Version: 0.8.0
Check: line endings in C/C++/Fortran sources/headers
Result: NOTE
    Found the following sources/headers not terminated with a newline:
     inst/include/bayeslm.h
    Some compilers warn on such files.
Flavors: r-devel-linux-x86_64-debian-clang, r-devel-linux-x86_64-debian-gcc, r-devel-linux-x86_64-fedora-clang, r-devel-linux-x86_64-fedora-gcc, r-devel-windows-ix86+x86_64, r-devel-windows-ix86+x86_64-gcc8, r-patched-linux-x86_64, r-patched-solaris-x86, r-release-linux-x86_64, r-release-windows-ix86+x86_64, r-release-osx-x86_64

Version: 0.8.0
Check: for GNU extensions in Makefiles
Result: NOTE
    GNU make is a SystemRequirements.
Flavors: r-devel-linux-x86_64-debian-clang, r-devel-linux-x86_64-debian-gcc, r-devel-linux-x86_64-fedora-clang, r-devel-linux-x86_64-fedora-gcc, r-devel-windows-ix86+x86_64, r-devel-windows-ix86+x86_64-gcc8, r-patched-linux-x86_64, r-patched-solaris-x86, r-release-linux-x86_64, r-release-windows-ix86+x86_64, r-release-osx-x86_64, r-oldrel-windows-ix86+x86_64, r-oldrel-osx-x86_64

Version: 0.8.0
Check: installed package size
Result: NOTE
     installed size is 9.9Mb
     sub-directories of 1Mb or more:
     libs 9.7Mb
Flavors: r-devel-linux-x86_64-fedora-clang, r-release-osx-x86_64, r-oldrel-osx-x86_64