CRAN Package Check Results for Package bayeslm

Last updated on 2019-09-19 05:47:12 CEST.

Flavor Version Tinstall Tcheck Ttotal Status Flags
r-devel-linux-x86_64-debian-clang 0.8.0 154.60 33.42 188.02 NOTE
r-devel-linux-x86_64-debian-gcc 0.8.0 131.63 25.45 157.08 NOTE
r-devel-linux-x86_64-fedora-clang 0.8.0 305.92 NOTE
r-devel-linux-x86_64-fedora-gcc 0.8.0 288.20 NOTE
r-devel-windows-ix86+x86_64 0.8.0 431.00 99.00 530.00 NOTE
r-patched-linux-x86_64 0.8.0 139.97 31.96 171.93 NOTE
r-patched-solaris-x86 0.8.0 264.70 NOTE
r-release-linux-x86_64 0.8.0 138.10 31.98 170.08 NOTE
r-release-windows-ix86+x86_64 0.8.0 312.00 74.00 386.00 NOTE
r-release-osx-x86_64 0.8.0 NOTE
r-oldrel-windows-ix86+x86_64 0.8.0 300.00 67.00 367.00 NOTE
r-oldrel-osx-x86_64 0.8.0 NOTE

Check Details

Version: 0.8.0
Check: line endings in C/C++/Fortran sources/headers
Result: NOTE
    Found the following sources/headers not terminated with a newline:
     inst/include/bayeslm.h
    Some compilers warn on such files.
Flavors: r-devel-linux-x86_64-debian-clang, r-devel-linux-x86_64-debian-gcc, r-devel-linux-x86_64-fedora-clang, r-devel-linux-x86_64-fedora-gcc, r-devel-windows-ix86+x86_64, r-patched-linux-x86_64, r-patched-solaris-x86, r-release-linux-x86_64, r-release-windows-ix86+x86_64, r-release-osx-x86_64

Version: 0.8.0
Check: for GNU extensions in Makefiles
Result: NOTE
    GNU make is a SystemRequirements.
Flavors: r-devel-linux-x86_64-debian-clang, r-devel-linux-x86_64-debian-gcc, r-devel-linux-x86_64-fedora-clang, r-devel-linux-x86_64-fedora-gcc, r-devel-windows-ix86+x86_64, r-patched-linux-x86_64, r-patched-solaris-x86, r-release-linux-x86_64, r-release-windows-ix86+x86_64, r-release-osx-x86_64, r-oldrel-windows-ix86+x86_64, r-oldrel-osx-x86_64

Version: 0.8.0
Check: installed package size
Result: NOTE
     installed size is 9.7Mb
     sub-directories of 1Mb or more:
     libs 9.5Mb
Flavors: r-devel-linux-x86_64-fedora-clang, r-release-osx-x86_64, r-oldrel-osx-x86_64