CRAN Package Check Results for Package bayespref

Last updated on 2021-11-29 05:49:38 CET.

Flavor Version Tinstall Tcheck Ttotal Status Flags
r-devel-linux-x86_64-debian-clang 1.0 NOTE
r-devel-linux-x86_64-debian-gcc 1.0 13.24 95.69 108.93 NOTE
r-devel-linux-x86_64-fedora-clang 1.0 194.13 NOTE
r-devel-linux-x86_64-fedora-gcc 1.0 170.71 NOTE
r-devel-windows-x86_64-new-UL 1.0 27.00 162.00 189.00 NOTE
r-devel-windows-x86_64-new-TK 1.0 NOTE
r-devel-windows-x86_64-old 1.0 21.00 153.00 174.00 NOTE
r-patched-linux-x86_64 1.0 16.54 119.62 136.16 NOTE
r-patched-solaris-x86 1.0 154.70 NOTE
r-release-linux-x86_64 1.0 13.65 119.05 132.70 NOTE
r-release-macos-arm64 1.0 NOTE
r-release-macos-x86_64 1.0 NOTE
r-release-windows-ix86+x86_64 1.0 39.00 108.00 147.00 NOTE
r-oldrel-macos-x86_64 1.0 NOTE
r-oldrel-windows-ix86+x86_64 1.0 38.00 159.00 197.00 NOTE

Check Details

Version: 1.0
Check: R code for possible problems
Result: NOTE
    MHratioPopPref: no visible global function definition for 'runif'
    MratioPopMult: no visible global function definition for 'dunif'
    MratioPopMult: no visible global function definition for 'runif'
    bayesPref: no visible global function definition for 'runif'
    calcP: no visible global function definition for 'dunif'
    calcP: no visible global function definition for 'dmultinom'
    calcdic: no visible global function definition for 'median'
    calcdic: no visible binding for global variable 'median'
    calcdic: no visible global function definition for 'dmultinom'
    calcdicExtern: no visible global function definition for 'median'
    calcdicExtern: no visible global function definition for 'dmultinom'
    calcdicExtern: no visible binding for global variable 'median'
    credibleIntervals: no visible global function definition for 'quantile'
    prefPlot: no visible global function definition for 'postscript'
    prefPlot: no visible global function definition for 'lines'
    prefPlot: no visible global function definition for 'density'
    prefPlot: no visible global function definition for 'median'
    prefPlot: no visible global function definition for 'legend'
    prefPlot: no visible global function definition for 'dev.off'
    Undefined global functions or variables:
     density dev.off dmultinom dunif legend lines median postscript
     quantile runif
    Consider adding
     importFrom("grDevices", "dev.off", "postscript")
     importFrom("graphics", "legend", "lines")
     importFrom("stats", "density", "dmultinom", "dunif", "median",
     "quantile", "runif")
    to your NAMESPACE file.
Flavors: r-devel-linux-x86_64-debian-clang, r-devel-linux-x86_64-debian-gcc, r-devel-linux-x86_64-fedora-clang, r-devel-linux-x86_64-fedora-gcc, r-devel-windows-x86_64-new-UL, r-devel-windows-x86_64-new-TK, r-devel-windows-x86_64-old, r-patched-linux-x86_64, r-patched-solaris-x86, r-release-linux-x86_64, r-release-macos-arm64, r-release-macos-x86_64, r-release-windows-ix86+x86_64, r-oldrel-macos-x86_64, r-oldrel-windows-ix86+x86_64