CRAN Package Check Results for Package bcf

Last updated on 2019-07-16 05:48:05 CEST.

Flavor Version Tinstall Tcheck Ttotal Status Flags
r-devel-linux-x86_64-debian-clang 1.2.1 68.85 22.24 91.09 NOTE
r-devel-linux-x86_64-debian-gcc 1.2.1 55.21 18.13 73.34 NOTE
r-devel-linux-x86_64-fedora-clang 1.2.1 139.91 NOTE
r-devel-linux-x86_64-fedora-gcc 1.2.1 134.27 NOTE
r-devel-windows-ix86+x86_64 1.2.1 177.00 53.00 230.00 OK
r-patched-linux-x86_64 1.2.1 63.17 21.97 85.14 OK
r-patched-solaris-x86 1.2.1 139.90 OK
r-release-linux-x86_64 1.2.1 67.42 21.99 89.41 OK
r-release-windows-ix86+x86_64 1.2.1 130.00 68.00 198.00 OK
r-release-osx-x86_64 1.2.1 OK
r-oldrel-windows-ix86+x86_64 1.2.1 193.00 52.00 245.00 OK
r-oldrel-osx-x86_64 1.2.1 OK

Check Details

Version: 1.2.1
Check: for non-standard things in the check directory
Result: NOTE
    Found the following files/directories:
     'tmp'
Flavors: r-devel-linux-x86_64-debian-clang, r-devel-linux-x86_64-debian-gcc, r-devel-linux-x86_64-fedora-clang, r-devel-linux-x86_64-fedora-gcc