Last updated on 2023-02-09 05:54:03 CET.
Flavor | Version | Tinstall | Tcheck | Ttotal | Status | Flags |
---|---|---|---|---|---|---|
r-devel-linux-x86_64-debian-clang | 4.0.3 | 114.65 | 44.99 | 159.64 | OK | |
r-devel-linux-x86_64-debian-gcc | 4.0.3 | 92.49 | 33.96 | 126.45 | OK | |
r-devel-linux-x86_64-fedora-clang | 4.0.3 | 242.19 | OK | |||
r-devel-linux-x86_64-fedora-gcc | 4.0.3 | 209.90 | OK | |||
r-devel-windows-x86_64 | 4.0.3 | 120.00 | 102.00 | 222.00 | OK | |
r-patched-linux-x86_64 | 4.0.3 | 94.65 | 44.18 | 138.83 | OK | |
r-release-linux-x86_64 | 4.0.3 | 87.15 | 42.84 | 129.99 | OK | |
r-release-macos-arm64 | 4.0.3 | 53.00 | NOTE | |||
r-release-macos-x86_64 | 4.0.3 | 72.00 | NOTE | |||
r-release-windows-x86_64 | 4.0.3 | 90.00 | 103.00 | 193.00 | OK | |
r-oldrel-macos-arm64 | 4.0.3 | 61.00 | NOTE | |||
r-oldrel-macos-x86_64 | 4.0.3 | 99.00 | OK | |||
r-oldrel-windows-ix86+x86_64 | 4.0.3 | 263.00 | 109.00 | 372.00 | OK |
Version: 4.0.3
Check: package dependencies
Result: NOTE
Package suggested but not available for checking: ‘DNAcopy’
Flavor: r-release-macos-arm64
Version: 4.0.3
Check: installed package size
Result: NOTE
installed size is 5.4Mb
sub-directories of 1Mb or more:
libs 5.1Mb
Flavors: r-release-macos-arm64, r-release-macos-x86_64, r-oldrel-macos-arm64