Last updated on 2023-01-29 05:49:30 CET.
Flavor | Version | Tinstall | Tcheck | Ttotal | Status | Flags |
---|---|---|---|---|---|---|
r-devel-linux-x86_64-debian-clang | 0.5.4 | 7.49 | 68.45 | 75.94 | OK | |
r-devel-linux-x86_64-debian-gcc | 0.5.4 | 6.72 | 49.94 | 56.66 | OK | |
r-devel-linux-x86_64-fedora-clang | 0.5.4 | 101.59 | NOTE | |||
r-devel-linux-x86_64-fedora-gcc | 0.5.4 | 88.72 | NOTE | |||
r-devel-windows-x86_64 | 0.5.4 | 22.00 | 95.00 | 117.00 | NOTE | |
r-patched-linux-x86_64 | 0.5.4 | 9.87 | 63.42 | 73.29 | OK | |
r-release-linux-x86_64 | 0.5.4 | 9.95 | 64.41 | 74.36 | OK | |
r-release-macos-arm64 | 0.5.4 | 28.00 | NOTE | |||
r-release-macos-x86_64 | 0.5.4 | 55.00 | NOTE | |||
r-release-windows-x86_64 | 0.5.4 | 18.00 | 92.00 | 110.00 | NOTE | |
r-oldrel-macos-arm64 | 0.5.4 | 38.00 | NOTE | |||
r-oldrel-macos-x86_64 | 0.5.4 | 58.00 | NOTE | |||
r-oldrel-windows-ix86+x86_64 | 0.5.4 | 19.00 | 87.00 | 106.00 | OK |
Version: 0.5.4
Check: dependencies in R code
Result: NOTE
Namespaces in Imports field not imported from:
‘knitr’ ‘rlang’
All declared Imports should be used.
Flavors: r-devel-linux-x86_64-fedora-clang, r-devel-linux-x86_64-fedora-gcc, r-release-macos-arm64, r-release-macos-x86_64, r-oldrel-macos-arm64, r-oldrel-macos-x86_64
Version: 0.5.4
Check: package dependencies
Result: NOTE
Package suggested but not available for checking: 'BRugs'
Flavors: r-devel-windows-x86_64, r-release-macos-arm64, r-release-windows-x86_64, r-oldrel-macos-x86_64
Version: 0.5.4
Check: package dependencies
Result: NOTE
Packages suggested but not available for checking: 'BRugs', 'rjags'
Flavors: r-release-macos-x86_64, r-oldrel-macos-arm64