CRAN Package Check Results for Package bdl

Last updated on 2022-01-27 05:55:46 CET.

Flavor Version Tinstall Tcheck Ttotal Status Flags
r-devel-linux-x86_64-debian-clang 1.0.3 37.64 331.86 369.50 ERROR
r-devel-linux-x86_64-debian-gcc 1.0.3 25.70 246.17 271.87 NOTE
r-devel-linux-x86_64-fedora-clang 1.0.3 458.91 NOTE
r-devel-linux-x86_64-fedora-gcc 1.0.3 452.09 NOTE
r-devel-windows-x86_64-new-UL 1.0.3 45.00 328.00 373.00 NOTE
r-devel-windows-x86_64-new-TK 1.0.3 ERROR
r-patched-linux-x86_64 1.0.3 30.49 292.22 322.71 NOTE
r-release-linux-x86_64 1.0.3 31.31 294.42 325.73 ERROR
r-release-macos-arm64 1.0.3 NOTE
r-release-macos-x86_64 1.0.3 NOTE
r-release-windows-ix86+x86_64 1.0.3 76.00 352.00 428.00 ERROR
r-oldrel-macos-x86_64 1.0.3 OK
r-oldrel-windows-ix86+x86_64 1.0.3 79.00 376.00 455.00 ERROR

Check Details

Version: 1.0.3
Check: LazyData
Result: NOTE
     'LazyData' is specified without a 'data' directory
Flavors: r-devel-linux-x86_64-debian-clang, r-devel-linux-x86_64-debian-gcc, r-devel-linux-x86_64-fedora-clang, r-devel-linux-x86_64-fedora-gcc, r-devel-windows-x86_64-new-UL, r-patched-linux-x86_64, r-release-linux-x86_64, r-release-macos-arm64, r-release-macos-x86_64, r-release-windows-ix86+x86_64

Version: 1.0.3
Check: tests
Result: ERROR
     Running 'testthat.R' [13s/16s]
    Running the tests in 'tests/testthat.R' failed.
    Complete output:
     > Sys.setenv("R_TESTS" = "")
     > library(testthat)
     > library(bdl)
     >
     > test_check("bdl")
     [ FAIL 1 | WARN 0 | SKIP 0 | PASS 5 ]
    
     == Failed tests ================================================================
     -- Error (test-requests.R:22:1): (code run outside of `test_that()`) -----------
     Error in `curl::curl_fetch_memory(url, handle = handle)`: server certificate verification failed. CAfile: none CRLfile: none
     Backtrace:
     x
     1. \-bdl::get_request(dir = dir, id = vid, filters = filters) test-requests.R:22:0
     2. \-httr::GET(url, ...)
     3. \-httr:::request_perform(req, hu$handle$handle)
     4. +-httr:::request_fetch(req$output, req$url, handle)
     5. \-httr:::request_fetch.write_memory(req$output, req$url, handle)
     6. \-curl::curl_fetch_memory(url, handle = handle)
    
     [ FAIL 1 | WARN 0 | SKIP 0 | PASS 5 ]
     Error: Test failures
     Execution halted
Flavor: r-devel-linux-x86_64-debian-clang

Version: 1.0.3
Check: package dependencies
Result: ERROR
    Package required but not available: 'ggpubr'
    
    See section 'The DESCRIPTION file' in the 'Writing R Extensions'
    manual.
Flavor: r-devel-windows-x86_64-new-TK

Version: 1.0.3
Check: tests
Result: ERROR
     Running ‘testthat.R’ [12s/15s]
    Running the tests in ‘tests/testthat.R’ failed.
    Complete output:
     > Sys.setenv("R_TESTS" = "")
     > library(testthat)
     > library(bdl)
     >
     > test_check("bdl")
     [ FAIL 1 | WARN 0 | SKIP 0 | PASS 5 ]
    
     ══ Failed tests ════════════════════════════════════════════════════════════════
     ── Error (test-requests.R:22:1): (code run outside of `test_that()`) ───────────
     Error in `curl::curl_fetch_memory(url, handle = handle)`: server certificate verification failed. CAfile: none CRLfile: none
     Backtrace:
     █
     1. └─bdl::get_request(dir = dir, id = vid, filters = filters) test-requests.R:22:0
     2. └─httr::GET(url, ...)
     3. └─httr:::request_perform(req, hu$handle$handle)
     4. ├─httr:::request_fetch(req$output, req$url, handle)
     5. └─httr:::request_fetch.write_memory(req$output, req$url, handle)
     6. └─curl::curl_fetch_memory(url, handle = handle)
    
     [ FAIL 1 | WARN 0 | SKIP 0 | PASS 5 ]
     Error: Test failures
     Execution halted
Flavor: r-release-linux-x86_64

Version: 1.0.3
Check: tests
Result: ERROR
     Running 'testthat.R' [14s]
    Running the tests in 'tests/testthat.R' failed.
    Complete output:
     > Sys.setenv("R_TESTS" = "")
     > library(testthat)
     > library(bdl)
     >
     > test_check("bdl")
     [ FAIL 1 | WARN 0 | SKIP 0 | PASS 5 ]
    
     == Failed tests ================================================================
     -- Error (test-requests.R:22:1): (code run outside of `test_that()`) -----------
     Error in `curl::curl_fetch_memory(url, handle = handle)`: SSL certificate problem: unable to get local issuer certificate
     Backtrace:
     x
     1. \-bdl::get_request(dir = dir, id = vid, filters = filters) test-requests.R:22:0
     2. \-httr::GET(url, ...)
     3. \-httr:::request_perform(req, hu$handle$handle)
     4. +-httr:::request_fetch(req$output, req$url, handle)
     5. \-httr:::request_fetch.write_memory(req$output, req$url, handle)
     6. \-curl::curl_fetch_memory(url, handle = handle)
    
     [ FAIL 1 | WARN 0 | SKIP 0 | PASS 5 ]
     Error: Test failures
     Execution halted
Flavor: r-release-windows-ix86+x86_64

Version: 1.0.3
Check: tests
Result: ERROR
     Running 'testthat.R' [17s]
    Running the tests in 'tests/testthat.R' failed.
    Complete output:
     > Sys.setenv("R_TESTS" = "")
     > library(testthat)
     > library(bdl)
     >
     > test_check("bdl")
     [ FAIL 1 | WARN 0 | SKIP 0 | PASS 5 ]
    
     == Failed tests ================================================================
     -- Error (test-requests.R:22:1): (code run outside of `test_that()`) -----------
     Error in `curl::curl_fetch_memory(url, handle = handle)`: SSL certificate problem: unable to get local issuer certificate
     Backtrace:
     x
     1. \-bdl::get_request(dir = dir, id = vid, filters = filters) test-requests.R:22:0
     2. \-httr::GET(url, ...)
     3. \-httr:::request_perform(req, hu$handle$handle)
     4. +-httr:::request_fetch(req$output, req$url, handle)
     5. \-httr:::request_fetch.write_memory(req$output, req$url, handle)
     6. \-curl::curl_fetch_memory(url, handle = handle)
    
     [ FAIL 1 | WARN 0 | SKIP 0 | PASS 5 ]
     Error: Test failures
     Execution halted
Flavor: r-oldrel-windows-ix86+x86_64