CRAN Package Check Results for Package bdvis

Last updated on 2020-10-28 05:48:29 CET.

Flavor Version Tinstall Tcheck Ttotal Status Flags
r-devel-linux-x86_64-debian-clang 0.2.22 11.25 88.27 99.52 OK
r-devel-linux-x86_64-debian-gcc 0.2.22 8.37 65.21 73.58 OK
r-devel-linux-x86_64-fedora-clang 0.2.22 133.18 OK
r-devel-linux-x86_64-fedora-gcc 0.2.22 118.36 OK
r-devel-windows-ix86+x86_64 0.2.22 27.00 104.00 131.00 OK
r-patched-linux-x86_64 0.2.22 OK
r-patched-solaris-x86 0.2.22 197.20 OK
r-release-linux-x86_64 0.2.22 11.40 79.64 91.04 OK
r-release-macos-x86_64 0.2.22 NOTE
r-release-windows-ix86+x86_64 0.2.22 20.00 75.00 95.00 OK
r-oldrel-macos-x86_64 0.2.22 OK
r-oldrel-windows-ix86+x86_64 0.2.22 23.00 100.00 123.00 OK

Check Details

Version: 0.2.22
Check: package dependencies
Result: NOTE
    Package suggested but not available for checking: ‘rinat’
Flavor: r-release-macos-x86_64