CRAN Package Check Results for Package bea.R

Last updated on 2021-06-23 05:49:20 CEST.

Flavor Version Tinstall Tcheck Ttotal Status Flags
r-devel-linux-x86_64-debian-clang 1.0.6 8.29 65.71 74.00 OK
r-devel-linux-x86_64-debian-gcc 1.0.6 6.06 49.31 55.37 OK
r-devel-linux-x86_64-fedora-clang 1.0.6 96.19 NOTE
r-devel-linux-x86_64-fedora-gcc 1.0.6 85.21 NOTE
r-devel-windows-x86_64 1.0.6 12.00 78.00 90.00 OK
r-devel-windows-x86_64-gcc10-UCRT 1.0.6 ERROR
r-patched-linux-x86_64 1.0.6 6.58 62.23 68.81 OK
r-patched-solaris-x86 1.0.6 129.00 NOTE
r-release-linux-x86_64 1.0.6 7.16 61.73 68.89 OK
r-release-macos-arm64 1.0.6 NOTE
r-release-macos-x86_64 1.0.6 NOTE
r-release-windows-ix86+x86_64 1.0.6 12.00 81.00 93.00 OK
r-oldrel-macos-x86_64 1.0.6 NOTE

Check Details

Version: 1.0.6
Check: package dependencies
Result: NOTE
    Imports includes 22 non-default packages.
    Importing from so many packages makes the package vulnerable to any of
    them becoming unavailable. Move as many as possible to Suggests and
    use conditionally.
Flavor: r-devel-linux-x86_64-fedora-clang

Version: 1.0.6
Check: dependencies in R code
Result: NOTE
    Namespaces in Imports field not imported from:
     ‘Rcpp’ ‘chron’ ‘colorspace’ ‘gtable’ ‘htmltools’ ‘htmlwidgets’
     ‘httpuv’ ‘magrittr’ ‘munsell’ ‘plyr’ ‘scales’ ‘stringi’ ‘xtable’
     ‘yaml’
     All declared Imports should be used.
Flavors: r-devel-linux-x86_64-fedora-clang, r-devel-linux-x86_64-fedora-gcc, r-patched-solaris-x86, r-release-macos-arm64, r-release-macos-x86_64, r-oldrel-macos-x86_64

Version: 1.0.6
Check: package dependencies
Result: ERROR
    Package required but not available: 'httr'
    
    See section 'The DESCRIPTION file' in the 'Writing R Extensions'
    manual.
Flavor: r-devel-windows-x86_64-gcc10-UCRT