CRAN Package Check Results for Package beanplot

Last updated on 2022-01-17 05:51:01 CET.

Flavor Version Tinstall Tcheck Ttotal Status Flags
r-devel-linux-x86_64-debian-clang 1.2 2.98 41.71 44.69 NOTE
r-devel-linux-x86_64-debian-gcc 1.2 2.22 36.44 38.66 NOTE
r-devel-linux-x86_64-fedora-clang 1.2 60.08 NOTE
r-devel-linux-x86_64-fedora-gcc 1.2 46.84 NOTE
r-devel-windows-x86_64-new-UL 1.2 24.00 0.00 24.00 FAIL
r-devel-windows-x86_64-new-TK 1.2 NOTE
r-patched-linux-x86_64 1.2 3.07 41.08 44.15 NOTE
r-release-linux-x86_64 1.2 NOTE
r-release-macos-arm64 1.2 NOTE
r-release-macos-x86_64 1.2 NOTE
r-release-windows-ix86+x86_64 1.2 5.00 107.00 112.00 NOTE
r-oldrel-macos-x86_64 1.2 NOTE
r-oldrel-windows-ix86+x86_64 1.2 5.00 485.00 490.00 NOTE

Check Details

Version: 1.2
Check: R code for possible problems
Result: NOTE
    beanplot : mdensityxy: no visible global function definition for
     'density'
    beanplot: no visible binding for global variable 'na.omit'
    beanplot: no visible global function definition for 'par'
    beanplot : <anonymous>: no visible global function definition for
     'density'
    beanplot: no visible global function definition for 'plot.new'
    beanplot: no visible global function definition for 'box'
    beanplot: no visible global function definition for 'median'
    beanplot: no visible global function definition for 'abline'
    beanplotbeanlines: no visible global function definition for 'median'
    beanplotbeanlines: no visible global function definition for 'quantile'
    beanplotbeanlines: no visible global function definition for 'segments'
    beanplotinnerborders: no visible global function definition for 'tail'
    beanplotinnerborders: no visible binding for global variable 'head'
    beanplotinnerborders: no visible binding for global variable 'tail'
    beanplotinnerborders: no visible global function definition for
     'segments'
    beanplotpolyshapes: no visible global function definition for 'polygon'
    beanplotpolyshapes: no visible global function definition for 'lines'
    beanplotscatters: no visible global function definition for 'aggregate'
    beanplotscatters: no visible global function definition for 'approx'
    beanplotscatters: no visible global function definition for 'segments'
    fixcolorvector : mrgb: no visible global function definition for 'rgb'
    fixcolorvector: no visible global function definition for 'col2rgb'
    fixcolorvector: no visible global function definition for 'par'
    seemslog : <anonymous>: no visible global function definition for
     'shapiro.test'
    Undefined global functions or variables:
     abline aggregate approx box col2rgb density head lines median na.omit
     par plot.new polygon quantile rgb segments shapiro.test tail
    Consider adding
     importFrom("grDevices", "col2rgb", "rgb")
     importFrom("graphics", "abline", "box", "lines", "par", "plot.new",
     "polygon", "segments")
     importFrom("stats", "aggregate", "approx", "density", "median",
     "na.omit", "quantile", "shapiro.test")
     importFrom("utils", "head", "tail")
    to your NAMESPACE file.
Flavors: r-devel-linux-x86_64-debian-clang, r-devel-linux-x86_64-debian-gcc, r-devel-linux-x86_64-fedora-clang, r-devel-linux-x86_64-fedora-gcc, r-devel-windows-x86_64-new-UL, r-devel-windows-x86_64-new-TK, r-patched-linux-x86_64, r-release-linux-x86_64, r-release-macos-arm64, r-release-macos-x86_64, r-release-windows-ix86+x86_64, r-oldrel-macos-x86_64, r-oldrel-windows-ix86+x86_64

Version: 1.2
Check: examples
Result: FAIL
    Check process probably crashed or hung up for 20 minutes ... killed
    Most likely this happened in the example checks (?),
    if not, ignore the following last lines of example output:
    + ylab = NULL, xlab=NULL, dlab = "", glab = "",
    + log = "", pch = 0, col = par("fg"), cex = par("cex"),
    + axes = TRUE, frame.plot = axes) {
    + graphics::stripchart(beanplot:::getgroupsfromarguments(),
    + method, jitter, offset, vertical, group.names, add,
    + at, xlim, ylim, ylab, xlab, dlab, glab, log, pch, col, cex,
    + axes, frame.plot)
    + }
    > mstripchart(list(all = ToothGrowth$len), len ~ supp, ToothGrowth, len ~ dose,
    + xlim = c(0.5,6.5))
    > title("Tooth growth length (stripchart)")
    >
    >
    >
    > graphics::par(get("par.postscript", pos = 'CheckExEnv'))
    > ### * <FOOTER>
    > ###
    > cleanEx()
    > options(digits = 7L)
    > base::cat("Time elapsed: ", proc.time() - base::get("ptime", pos = 'CheckExEnv'),"\n")
    Time elapsed: 1.05 0.13 1.19 NA NA
    > grDevices::dev.off()
    null device
     1
    > ###
    > ### Local variables: ***
    > ### mode: outline-minor ***
    > ### outline-regexp: "\\(> \\)?### [*]+" ***
    > ### End: ***
    > quit('no')
    ======== End of example output (where/before crash/hang up occured ?) ========
Flavor: r-devel-windows-x86_64-new-UL