CRAN Package Check Results for Package beast

Last updated on 2019-12-15 05:47:33 CET.

Flavor Version Tinstall Tcheck Ttotal Status Flags
r-devel-linux-x86_64-debian-clang 1.1 3.18 31.70 34.88 NOTE
r-devel-linux-x86_64-debian-gcc 1.1 2.65 23.96 26.61 NOTE
r-devel-linux-x86_64-fedora-clang 1.1 41.98 NOTE
r-devel-linux-x86_64-fedora-gcc 1.1 42.20 NOTE
r-devel-windows-ix86+x86_64 1.1 6.00 61.00 67.00 OK
r-devel-windows-ix86+x86_64-gcc8 1.1 8.00 48.00 56.00 OK
r-patched-linux-x86_64 1.1 2.37 28.49 30.86 OK
r-patched-solaris-x86 1.1 57.70 OK
r-release-linux-x86_64 1.1 2.53 28.24 30.77 OK
r-release-windows-ix86+x86_64 1.1 6.00 64.00 70.00 OK
r-release-osx-x86_64 1.1 OK
r-oldrel-windows-ix86+x86_64 1.1 4.00 36.00 40.00 OK
r-oldrel-osx-x86_64 1.1 OK

Check Details

Version: 1.1
Check: for non-standard things in the check directory
Result: NOTE
    Found the following files/directories:
     'beast_plot_toy.pdf'
Flavors: r-devel-linux-x86_64-debian-clang, r-devel-linux-x86_64-debian-gcc, r-devel-linux-x86_64-fedora-clang, r-devel-linux-x86_64-fedora-gcc