CRAN Package Check Results for Package beast

Last updated on 2021-12-08 05:58:31 CET.

Flavor Version Tinstall Tcheck Ttotal Status Flags
r-devel-linux-x86_64-debian-clang 1.1 3.96 42.22 46.18 NOTE
r-devel-linux-x86_64-debian-gcc 1.1 2.87 32.17 35.04 NOTE
r-devel-linux-x86_64-fedora-clang 1.1 56.57 NOTE
r-devel-linux-x86_64-fedora-gcc 1.1 44.92 NOTE
r-devel-windows-x86_64-new-UL 1.1 8.00 72.00 80.00 OK
r-devel-windows-x86_64-new-TK 1.1 OK
r-devel-windows-x86_64-old 1.1 8.00 53.00 61.00 OK
r-patched-linux-x86_64 1.1 4.25 40.81 45.06 NOTE
r-release-linux-x86_64 1.1 3.68 40.40 44.08 NOTE
r-release-macos-arm64 1.1 OK
r-release-macos-x86_64 1.1 OK
r-release-windows-ix86+x86_64 1.1 7.00 43.00 50.00 OK
r-oldrel-macos-x86_64 1.1 OK
r-oldrel-windows-ix86+x86_64 1.1 6.00 47.00 53.00 OK

Check Details

Version: 1.1
Check: for non-standard things in the check directory
Result: NOTE
    Found the following files/directories:
     'beast_plot_toy.pdf'
Flavors: r-devel-linux-x86_64-debian-clang, r-devel-linux-x86_64-debian-gcc, r-devel-linux-x86_64-fedora-clang, r-devel-linux-x86_64-fedora-gcc, r-patched-linux-x86_64, r-release-linux-x86_64