CRAN Package Check Results for Package beast

Last updated on 2019-08-19 05:46:19 CEST.

Flavor Version Tinstall Tcheck Ttotal Status Flags
r-devel-linux-x86_64-debian-clang 1.1 2.88 29.80 32.68 NOTE
r-devel-linux-x86_64-debian-gcc 1.1 2.46 22.96 25.42 NOTE
r-devel-linux-x86_64-fedora-clang 1.1 39.95 NOTE
r-devel-linux-x86_64-fedora-gcc 1.1 39.27 NOTE
r-devel-windows-ix86+x86_64 1.1 9.00 54.00 63.00 OK
r-patched-linux-x86_64 1.1 2.49 28.97 31.46 OK
r-patched-solaris-x86 1.1 57.40 OK
r-release-linux-x86_64 1.1 3.17 29.11 32.28 OK
r-release-windows-ix86+x86_64 1.1 6.00 64.00 70.00 OK
r-release-osx-x86_64 1.1 OK
r-oldrel-windows-ix86+x86_64 1.1 4.00 36.00 40.00 OK
r-oldrel-osx-x86_64 1.1 OK

Check Details

Version: 1.1
Check: for non-standard things in the check directory
Result: NOTE
    Found the following files/directories:
     'beast_plot_toy.pdf'
Flavors: r-devel-linux-x86_64-debian-clang, r-devel-linux-x86_64-debian-gcc, r-devel-linux-x86_64-fedora-clang, r-devel-linux-x86_64-fedora-gcc